CRAN Package Check Results for Package studyStrap

Last updated on 2020-08-03 22:50:49 CEST.

Flavor Version Tinstall Tcheck Ttotal Status Flags
r-devel-linux-x86_64-debian-clang 1.0.0 19.73 250.57 270.30 OK
r-devel-linux-x86_64-debian-gcc 1.0.0 16.10 197.41 213.51 OK
r-devel-linux-x86_64-fedora-clang 1.0.0 308.22 NOTE
r-devel-linux-x86_64-fedora-gcc 1.0.0 234.71 NOTE
r-devel-windows-ix86+x86_64 1.0.0 60.00 237.00 297.00 OK
r-patched-linux-x86_64 1.0.0 16.04 242.62 258.66 OK
r-patched-solaris-x86 1.0.0 508.80 NOTE
r-release-linux-x86_64 1.0.0 19.21 242.14 261.35 OK
r-release-macos-x86_64 1.0.0 NOTE
r-release-windows-ix86+x86_64 1.0.0 73.00 267.00 340.00 OK
r-oldrel-macos-x86_64 1.0.0 NOTE
r-oldrel-windows-ix86+x86_64 1.0.0 37.00 209.00 246.00 OK

Check Details

Version: 1.0.0
Check: dependencies in R code
Result: NOTE
    Namespaces in Imports field not imported from:
     ‘pls’ ‘tibble’
     All declared Imports should be used.
Flavors: r-devel-linux-x86_64-fedora-clang, r-devel-linux-x86_64-fedora-gcc, r-patched-solaris-x86, r-release-macos-x86_64, r-oldrel-macos-x86_64