CRAN Package Check Results for Package structSSI

Last updated on 2020-01-19 21:48:58 CET.

Flavor Version Tinstall Tcheck Ttotal Status Flags
r-devel-linux-x86_64-debian-clang 1.1.1 13.96 126.46 140.42 NOTE
r-devel-linux-x86_64-debian-gcc 1.1.1 11.79 96.66 108.45 NOTE
r-devel-linux-x86_64-fedora-clang 1.1.1 170.14 NOTE
r-devel-linux-x86_64-fedora-gcc 1.1.1 170.53 NOTE
r-devel-windows-ix86+x86_64 1.1.1 40.00 132.00 172.00 NOTE
r-devel-windows-ix86+x86_64-gcc8 1.1.1 26.00 164.00 190.00 NOTE
r-patched-linux-x86_64 1.1.1 12.29 109.46 121.75 NOTE
r-patched-solaris-x86 1.1.1 242.60 NOTE
r-release-linux-x86_64 1.1.1 11.10 109.46 120.56 NOTE
r-release-windows-ix86+x86_64 1.1.1 39.00 124.00 163.00 NOTE
r-release-osx-x86_64 1.1.1 NOTE
r-oldrel-windows-ix86+x86_64 1.1.1 14.00 138.00 152.00 NOTE
r-oldrel-osx-x86_64 1.1.1 NOTE

Check Details

Version: 1.1.1
Check: R code for possible problems
Result: NOTE
    PlotHypTree: no visible global function definition for 'browseURL'
    treePValues: no visible global function definition for 'lm'
    treePValues: no visible global function definition for 'pf'
    plot,GBH-ANY: no visible binding for global variable 'sorted.hyp'
    plot,GBH-ANY: no visible binding for global variable 'pval'
    plot,GBH-ANY: no visible binding for global variable 'group'
    plot,GBH-ANY: no visible binding for global variable 'type'
    Undefined global functions or variables:
     browseURL group lm pf pval sorted.hyp type
    Consider adding
     importFrom("stats", "lm", "pf")
     importFrom("utils", "browseURL")
    to your NAMESPACE file.
Flavors: r-devel-linux-x86_64-debian-clang, r-devel-linux-x86_64-debian-gcc, r-devel-linux-x86_64-fedora-clang, r-devel-linux-x86_64-fedora-gcc, r-devel-windows-ix86+x86_64, r-devel-windows-ix86+x86_64-gcc8, r-patched-linux-x86_64, r-patched-solaris-x86, r-release-linux-x86_64, r-release-windows-ix86+x86_64, r-release-osx-x86_64, r-oldrel-windows-ix86+x86_64, r-oldrel-osx-x86_64