CRAN Package Check Results for Package structSSI

Last updated on 2019-09-15 08:47:30 CEST.

Flavor Version Tinstall Tcheck Ttotal Status Flags
r-devel-linux-x86_64-debian-clang 1.1.1 12.95 114.88 127.83 NOTE
r-devel-linux-x86_64-debian-gcc 1.1.1 11.27 89.39 100.66 NOTE
r-devel-linux-x86_64-fedora-clang 1.1.1 156.50 NOTE
r-devel-linux-x86_64-fedora-gcc 1.1.1 146.84 NOTE
r-devel-windows-ix86+x86_64 1.1.1 41.00 125.00 166.00 NOTE
r-patched-linux-x86_64 1.1.1 13.74 111.69 125.43 NOTE
r-patched-solaris-x86 1.1.1 247.20 NOTE
r-release-linux-x86_64 1.1.1 12.31 111.94 124.25 NOTE
r-release-windows-ix86+x86_64 1.1.1 28.00 169.00 197.00 NOTE
r-release-osx-x86_64 1.1.1 ERROR
r-oldrel-windows-ix86+x86_64 1.1.1 25.00 113.00 138.00 NOTE
r-oldrel-osx-x86_64 1.1.1 NOTE

Check Details

Version: 1.1.1
Check: R code for possible problems
Result: NOTE
    PlotHypTree: no visible global function definition for 'browseURL'
    treePValues: no visible global function definition for 'lm'
    treePValues: no visible global function definition for 'pf'
    plot,GBH-ANY: no visible binding for global variable 'sorted.hyp'
    plot,GBH-ANY: no visible binding for global variable 'pval'
    plot,GBH-ANY: no visible binding for global variable 'group'
    plot,GBH-ANY: no visible binding for global variable 'type'
    Undefined global functions or variables:
     browseURL group lm pf pval sorted.hyp type
    Consider adding
     importFrom("stats", "lm", "pf")
     importFrom("utils", "browseURL")
    to your NAMESPACE file.
Flavors: r-devel-linux-x86_64-debian-clang, r-devel-linux-x86_64-debian-gcc, r-devel-linux-x86_64-fedora-clang, r-devel-linux-x86_64-fedora-gcc, r-devel-windows-ix86+x86_64, r-patched-linux-x86_64, r-patched-solaris-x86, r-release-linux-x86_64, r-release-windows-ix86+x86_64, r-oldrel-windows-ix86+x86_64, r-oldrel-osx-x86_64

Version: 1.1.1
Check: package dependencies
Result: ERROR
    Package required but not available: ‘multtest’
    
    Package suggested but not available for checking: ‘phyloseq’
    
    See section ‘The DESCRIPTION file’ in the ‘Writing R Extensions’
    manual.
Flavor: r-release-osx-x86_64