CRAN Package Check Results for Package strucchangeRcpp

Last updated on 2022-06-25 20:50:29 CEST.

Flavor Version Tinstall Tcheck Ttotal Status Flags
r-devel-linux-x86_64-debian-clang 1.5-3-1.0.4 94.49 97.54 192.03 NOTE
r-devel-linux-x86_64-debian-gcc 1.5-3-1.0.4 85.52 72.45 157.97 NOTE
r-devel-linux-x86_64-fedora-clang 1.5-3-1.0.4 297.05 NOTE
r-devel-linux-x86_64-fedora-gcc 1.5-3-1.0.4 257.33 NOTE
r-devel-windows-x86_64 1.5-3-1.0.4 201.00 158.00 359.00 NOTE
r-patched-linux-x86_64 1.5-3-1.0.4 89.15 89.31 178.46 OK
r-release-linux-x86_64 1.5-3-1.0.4 86.76 92.16 178.92 OK
r-release-macos-arm64 1.5-3-1.0.4 64.00 NOTE
r-release-macos-x86_64 1.5-3-1.0.4 91.00 NOTE
r-release-windows-x86_64 1.5-3-1.0.4 216.00 160.00 376.00 OK
r-oldrel-macos-arm64 1.5-3-1.0.4 105.00 NOTE
r-oldrel-macos-x86_64 1.5-3-1.0.4 88.00 NOTE
r-oldrel-windows-ix86+x86_64 1.5-3-1.0.4 246.00 166.00 412.00 OK

Check Details

Version: 1.5-3-1.0.4
Check: Rd files
Result: NOTE
    checkRd: (-1) SP2001.Rd:3: Escaped LaTeX specials: \&
    checkRd: (-1) SP2001.Rd:5: Escaped LaTeX specials: \&
    checkRd: (-1) SP2001.Rd:12: Escaped LaTeX specials: \&
Flavors: r-devel-linux-x86_64-debian-clang, r-devel-linux-x86_64-debian-gcc, r-devel-linux-x86_64-fedora-clang, r-devel-linux-x86_64-fedora-gcc, r-devel-windows-x86_64

Version: 1.5-3-1.0.4
Check: installed package size
Result: NOTE
     installed size is 5.6Mb
     sub-directories of 1Mb or more:
     libs 4.2Mb
Flavors: r-release-macos-arm64, r-release-macos-x86_64, r-oldrel-macos-arm64, r-oldrel-macos-x86_64