Last updated on 2022-08-12 00:50:00 CEST.
Flavor | Version | Tinstall | Tcheck | Ttotal | Status | Flags |
---|---|---|---|---|---|---|
r-devel-linux-x86_64-debian-clang | 1.5-3 | 12.63 | 112.20 | 124.83 | NOTE | |
r-devel-linux-x86_64-debian-gcc | 1.5-3 | 8.58 | 79.90 | 88.48 | NOTE | |
r-devel-linux-x86_64-fedora-clang | 1.5-3 | 150.70 | NOTE | |||
r-devel-linux-x86_64-fedora-gcc | 1.5-3 | 141.99 | NOTE | |||
r-devel-windows-x86_64 | 1.5-3 | 107.00 | 153.00 | 260.00 | NOTE | |
r-patched-linux-x86_64 | 1.5-3 | 9.28 | 106.57 | 115.85 | NOTE | |
r-release-linux-x86_64 | 1.5-3 | 11.52 | 105.04 | 116.56 | NOTE | |
r-release-macos-arm64 | 1.5-3 | 46.00 | NOTE | |||
r-release-macos-x86_64 | 1.5-3 | 57.00 | NOTE | |||
r-release-windows-x86_64 | 1.5-3 | 86.00 | 160.00 | 246.00 | NOTE | |
r-oldrel-macos-arm64 | 1.5-3 | 40.00 | NOTE | |||
r-oldrel-macos-x86_64 | 1.5-3 | 58.00 | NOTE | |||
r-oldrel-windows-ix86+x86_64 | 1.5-3 | 20.00 | 178.00 | 198.00 | NOTE |
Version: 1.5-3
Check: R code for possible problems
Result: NOTE
efpFunctional: multiple local function definitions for 'plotProcess'
with different formal arguments
mefp.efp: multiple local function definitions for 'computeEmpProc' with
different formal arguments
Flavors: r-devel-linux-x86_64-debian-clang, r-devel-linux-x86_64-debian-gcc, r-devel-linux-x86_64-fedora-clang, r-devel-linux-x86_64-fedora-gcc, r-devel-windows-x86_64, r-patched-linux-x86_64, r-release-linux-x86_64, r-release-macos-arm64, r-release-macos-x86_64, r-release-windows-x86_64, r-oldrel-macos-arm64, r-oldrel-macos-x86_64, r-oldrel-windows-ix86+x86_64