Last updated on 2023-06-06 20:09:57 CEST.
Flavor | Version | Tinstall | Tcheck | Ttotal | Status | Flags |
---|---|---|---|---|---|---|
r-devel-linux-x86_64-debian-clang | 1.5.0 | 5.26 | 61.93 | 67.19 | OK | |
r-devel-linux-x86_64-debian-gcc | 1.5.0 | 3.54 | 48.35 | 51.89 | OK | |
r-devel-linux-x86_64-fedora-clang | 1.5.0 | 89.96 | NOTE | |||
r-devel-linux-x86_64-fedora-gcc | 1.5.0 | 93.34 | OK | |||
r-devel-windows-x86_64 | 1.5.0 | 7.00 | 77.00 | 84.00 | OK | |
r-patched-linux-x86_64 | 1.5.0 | 7.20 | 60.64 | 67.84 | OK | |
r-release-linux-x86_64 | 1.5.0 | 4.05 | 60.63 | 64.68 | OK | |
r-release-macos-arm64 | 1.5.0 | 36.00 | OK | |||
r-release-macos-x86_64 | 1.5.0 | 50.00 | OK | |||
r-release-windows-x86_64 | 1.5.0 | 8.00 | 85.00 | 93.00 | OK | |
r-oldrel-macos-arm64 | 1.5.0 | 27.00 | OK | |||
r-oldrel-macos-x86_64 | 1.5.0 | 40.00 | OK | |||
r-oldrel-windows-x86_64 | 1.5.0 | 8.00 | 83.00 | 91.00 | OK |
Version: 1.5.0
Check: Rd cross-references
Result: NOTE
Undeclared package ‘dplyr’ in Rd xrefs
Flavor: r-devel-linux-x86_64-fedora-clang