Last updated on 2022-05-21 22:58:27 CEST.
Flavor | Version | Tinstall | Tcheck | Ttotal | Status | Flags |
---|---|---|---|---|---|---|
r-devel-linux-x86_64-debian-clang | 1.4.0 | 2.03 | 46.60 | 48.63 | OK | |
r-devel-linux-x86_64-debian-gcc | 1.4.0 | 2.46 | 35.94 | 38.40 | OK | |
r-devel-linux-x86_64-fedora-clang | 1.4.0 | 61.46 | NOTE | |||
r-devel-linux-x86_64-fedora-gcc | 1.4.0 | 58.82 | NOTE | |||
r-devel-windows-x86_64 | 1.4.0 | 31.00 | 74.00 | 105.00 | OK | |
r-patched-linux-x86_64 | 1.4.0 | 4.06 | 45.48 | 49.54 | OK | |
r-release-linux-x86_64 | 1.4.0 | 2.65 | 44.62 | 47.27 | OK | |
r-release-macos-arm64 | 1.4.0 | 23.00 | NOTE | |||
r-release-macos-x86_64 | 1.4.0 | 30.00 | NOTE | |||
r-release-windows-x86_64 | 1.4.0 | 47.00 | 73.00 | 120.00 | OK | |
r-oldrel-macos-arm64 | 1.4.0 | 27.00 | NOTE | |||
r-oldrel-macos-x86_64 | 1.4.0 | 35.00 | NOTE | |||
r-oldrel-windows-ix86+x86_64 | 1.4.0 | 7.00 | 67.00 | 74.00 | OK |
Version: 1.4.0
Check: data for non-ASCII characters
Result: NOTE
Note: found 3 marked UTF-8 strings
Flavors: r-devel-linux-x86_64-fedora-clang, r-devel-linux-x86_64-fedora-gcc, r-release-macos-arm64, r-release-macos-x86_64, r-oldrel-macos-arm64, r-oldrel-macos-x86_64