CRAN Package Check Results for Package stringi

Last updated on 2019-04-24 14:47:46 CEST.

Flavor Version Tinstall Tcheck Ttotal Status Flags
r-devel-linux-x86_64-debian-clang 1.4.3 94.92 51.79 146.71 OK
r-devel-linux-x86_64-debian-gcc 1.4.3 63.55 41.18 104.73 OK
r-devel-linux-x86_64-fedora-clang 1.4.3 239.65 NOTE
r-devel-linux-x86_64-fedora-gcc 1.4.3 174.15 OK
r-devel-windows-ix86+x86_64 1.4.3 1617.00 112.00 1729.00 NOTE
r-patched-linux-x86_64 1.4.3 78.22 51.20 129.42 OK
r-patched-solaris-x86 1.4.3 837.70 NOTE
r-release-linux-x86_64 1.4.3 78.44 46.04 124.48 OK
r-release-windows-ix86+x86_64 1.4.3 1184.00 136.00 1320.00 NOTE
r-release-osx-x86_64 1.4.3 NOTE
r-oldrel-windows-ix86+x86_64 1.4.3 890.00 131.00 1021.00 NOTE
r-oldrel-osx-x86_64 1.4.3 NOTE

Additional issues

clang-UBSAN gcc-UBSAN rchk

Check Details

Version: 1.4.3
Check: installed package size
Result: NOTE
     installed size is 5.3Mb
     sub-directories of 1Mb or more:
     libs 4.6Mb
Flavors: r-devel-linux-x86_64-fedora-clang, r-devel-windows-ix86+x86_64, r-patched-solaris-x86, r-release-windows-ix86+x86_64, r-release-osx-x86_64, r-oldrel-windows-ix86+x86_64, r-oldrel-osx-x86_64