CRAN Package Check Results for Package stressr

Last updated on 2019-07-15 22:55:22 CEST.

Flavor Version Tinstall Tcheck Ttotal Status Flags
r-devel-linux-x86_64-debian-clang 1.0.0 3.49 33.31 36.80 NOTE
r-devel-linux-x86_64-debian-gcc 1.0.0 2.67 26.51 29.18 NOTE
r-devel-linux-x86_64-fedora-clang 1.0.0 43.71 NOTE
r-devel-linux-x86_64-fedora-gcc 1.0.0 41.33 NOTE
r-devel-windows-ix86+x86_64 1.0.0 9.00 47.00 56.00 NOTE
r-patched-linux-x86_64 1.0.0 3.45 33.20 36.65 NOTE
r-patched-solaris-x86 1.0.0 72.00 NOTE
r-release-linux-x86_64 1.0.0 3.47 33.33 36.80 NOTE
r-release-windows-ix86+x86_64 1.0.0 6.00 64.00 70.00 NOTE
r-release-osx-x86_64 1.0.0 NOTE
r-oldrel-windows-ix86+x86_64 1.0.0 5.00 46.00 51.00 NOTE
r-oldrel-osx-x86_64 1.0.0 NOTE

Check Details

Version: 1.0.0
Check: DESCRIPTION meta-information
Result: NOTE
    Malformed Title field: should not end in a period.
Flavors: r-devel-linux-x86_64-debian-clang, r-devel-linux-x86_64-debian-gcc, r-devel-linux-x86_64-fedora-clang, r-devel-linux-x86_64-fedora-gcc, r-devel-windows-ix86+x86_64, r-patched-linux-x86_64, r-patched-solaris-x86, r-release-linux-x86_64, r-release-windows-ix86+x86_64, r-release-osx-x86_64, r-oldrel-windows-ix86+x86_64, r-oldrel-osx-x86_64