CRAN Package Check Results for Package stressr

Last updated on 2019-04-24 22:51:05 CEST.

Flavor Version Tinstall Tcheck Ttotal Status Flags
r-devel-linux-x86_64-debian-clang 1.0.0 2.69 33.18 35.87 NOTE
r-devel-linux-x86_64-debian-gcc 1.0.0 2.76 26.40 29.16 NOTE
r-devel-linux-x86_64-fedora-clang 1.0.0 42.98 NOTE
r-devel-linux-x86_64-fedora-gcc 1.0.0 42.53 NOTE
r-devel-windows-ix86+x86_64 1.0.0 10.00 40.00 50.00 NOTE
r-patched-linux-x86_64 1.0.0 3.13 32.91 36.04 NOTE
r-patched-solaris-x86 1.0.0 68.40 NOTE
r-release-linux-x86_64 1.0.0 2.05 31.74 33.79 NOTE
r-release-windows-ix86+x86_64 1.0.0 4.00 61.00 65.00 NOTE
r-release-osx-x86_64 1.0.0 NOTE
r-oldrel-windows-ix86+x86_64 1.0.0 3.00 48.00 51.00 NOTE
r-oldrel-osx-x86_64 1.0.0 NOTE

Check Details

Version: 1.0.0
Check: DESCRIPTION meta-information
Result: NOTE
    Malformed Title field: should not end in a period.
Flavors: r-devel-linux-x86_64-debian-clang, r-devel-linux-x86_64-debian-gcc, r-devel-linux-x86_64-fedora-clang, r-devel-linux-x86_64-fedora-gcc, r-devel-windows-ix86+x86_64, r-patched-linux-x86_64, r-patched-solaris-x86, r-release-linux-x86_64, r-release-windows-ix86+x86_64, r-release-osx-x86_64, r-oldrel-windows-ix86+x86_64, r-oldrel-osx-x86_64