CRAN Package Check Results for Package stray

Last updated on 2020-09-23 14:12:44 CEST.

Flavor Version Tinstall Tcheck Ttotal Status Flags
r-devel-linux-x86_64-debian-clang 0.1.1 3.84 39.46 43.30 OK
r-devel-linux-x86_64-debian-gcc 0.1.1 3.79 30.74 34.53 OK
r-devel-linux-x86_64-fedora-clang 0.1.1 71.21 NOTE
r-devel-linux-x86_64-fedora-gcc 0.1.1 52.12 NOTE
r-devel-windows-ix86+x86_64 0.1.1 14.00 50.00 64.00 OK
r-patched-linux-x86_64 0.1.1 4.52 36.52 41.04 OK
r-patched-solaris-x86 0.1.1 79.90 NOTE
r-release-linux-x86_64 0.1.1 4.33 36.84 41.17 OK
r-release-macos-x86_64 0.1.1 NOTE
r-release-windows-ix86+x86_64 0.1.1 23.00 61.00 84.00 OK
r-oldrel-macos-x86_64 0.1.1 NOTE
r-oldrel-windows-ix86+x86_64 0.1.1 6.00 61.00 67.00 OK

Check Details

Version: 0.1.1
Check: dependencies in R code
Result: NOTE
    Namespace in Imports field not imported from: ‘ks’
     All declared Imports should be used.
Flavors: r-devel-linux-x86_64-fedora-clang, r-devel-linux-x86_64-fedora-gcc, r-patched-solaris-x86, r-release-macos-x86_64, r-oldrel-macos-x86_64

Version: 0.1.1
Check: Rd cross-references
Result: NOTE
    Undeclared package ‘HDoutliers’ in Rd xrefs
Flavor: r-devel-linux-x86_64-fedora-clang