CRAN Package Check Results for Package stratbr

Last updated on 2024-06-13 05:59:23 CEST.

Flavor Version Tinstall Tcheck Ttotal Status Flags
r-devel-linux-x86_64-debian-clang 1.2 2.62 26.23 28.85 NOTE
r-devel-linux-x86_64-debian-gcc 1.2 2.25 19.83 22.08 NOTE
r-devel-linux-x86_64-fedora-clang 1.2 35.90 NOTE
r-devel-linux-x86_64-fedora-gcc 1.2 34.20 NOTE
r-devel-windows-x86_64 1.2 3.00 50.00 53.00 NOTE
r-patched-linux-x86_64 1.2 2.55 25.07 27.62 NOTE
r-release-linux-x86_64 1.2 2.58 24.66 27.24 NOTE
r-release-macos-arm64 1.2 18.00 NOTE
r-release-macos-x86_64 1.2 29.00 NOTE
r-release-windows-x86_64 1.2 3.00 49.00 52.00 NOTE
r-oldrel-macos-arm64 1.2 20.00 NOTE
r-oldrel-macos-x86_64 1.2 24.00 NOTE
r-oldrel-windows-x86_64 1.2 5.00 50.00 55.00 NOTE

Check Details

Version: 1.2
Check: LazyData
Result: NOTE 'LazyData' is specified without a 'data' directory Flavors: r-devel-linux-x86_64-debian-clang, r-devel-linux-x86_64-debian-gcc, r-devel-linux-x86_64-fedora-clang, r-devel-linux-x86_64-fedora-gcc, r-devel-windows-x86_64, r-patched-linux-x86_64, r-release-linux-x86_64, r-release-macos-arm64, r-release-macos-x86_64, r-release-windows-x86_64, r-oldrel-macos-arm64, r-oldrel-macos-x86_64, r-oldrel-windows-x86_64