CRAN Package Check Results for Package stpp

Last updated on 2019-09-22 19:51:33 CEST.

Flavor Version Tinstall Tcheck Ttotal Status Flags
r-devel-linux-x86_64-debian-clang 2.0-3 20.12 132.38 152.50 OK
r-devel-linux-x86_64-debian-gcc 2.0-3 16.46 102.87 119.33 OK
r-devel-linux-x86_64-fedora-clang 2.0-3 195.10 OK
r-devel-linux-x86_64-fedora-gcc 2.0-3 191.13 OK
r-devel-windows-ix86+x86_64 2.0-3 60.00 175.00 235.00 OK
r-patched-linux-x86_64 2.0-3 20.02 129.89 149.91 OK
r-patched-solaris-x86 2.0-3 315.90 OK
r-release-linux-x86_64 2.0-3 19.81 132.06 151.87 OK
r-release-windows-ix86+x86_64 2.0-3 71.00 238.00 309.00 OK
r-release-osx-x86_64 2.0-3 ERROR
r-oldrel-windows-ix86+x86_64 2.0-3 28.00 160.00 188.00 OK
r-oldrel-osx-x86_64 2.0-3 ERROR

Check Details

Version: 2.0-3
Check: package dependencies
Result: ERROR
    Package required but not available: ‘rpanel’
    
    See section ‘The DESCRIPTION file’ in the ‘Writing R Extensions’
    manual.
Flavors: r-release-osx-x86_64, r-oldrel-osx-x86_64