CRAN Package Check Results for Package stpp

Last updated on 2020-06-01 07:48:19 CEST.

Flavor Version Tinstall Tcheck Ttotal Status Flags
r-devel-linux-x86_64-debian-clang 2.0-4 24.49 150.93 175.42 OK
r-devel-linux-x86_64-debian-gcc 2.0-4 19.86 116.90 136.76 OK
r-devel-linux-x86_64-fedora-clang 2.0-4 245.32 OK
r-devel-linux-x86_64-fedora-gcc 2.0-4 213.51 OK
r-devel-windows-ix86+x86_64 2.0-4 63.00 202.00 265.00 OK
r-patched-linux-x86_64 2.0-4 24.94 151.80 176.74 OK
r-patched-solaris-x86 2.0-4 352.20 OK
r-release-linux-x86_64 2.0-4 23.70 151.38 175.08 OK
r-release-osx-x86_64 2.0-4 ERROR
r-release-windows-ix86+x86_64 2.0-4 49.00 321.00 370.00 OK
r-oldrel-osx-x86_64 2.0-4 ERROR
r-oldrel-windows-ix86+x86_64 2.0-4 45.00 195.00 240.00 OK

Check Details

Version: 2.0-4
Check: package dependencies
Result: ERROR
    Package required but not available: ‘rpanel’
    
    See section ‘The DESCRIPTION file’ in the ‘Writing R Extensions’
    manual.
Flavors: r-release-osx-x86_64, r-oldrel-osx-x86_64