CRAN Package Check Results for Package stpm

Last updated on 2021-11-26 21:52:44 CET.

Flavor Version Tinstall Tcheck Ttotal Status Flags
r-devel-linux-x86_64-debian-clang 1.7.10 231.74 452.37 684.11 OK
r-devel-linux-x86_64-debian-gcc 1.7.10 160.70 331.56 492.26 OK
r-devel-linux-x86_64-fedora-clang 1.7.10 900.45 NOTE
r-devel-linux-x86_64-fedora-gcc 1.7.10 842.47 OK
r-devel-windows-x86_64-new-UL 1.7.10 285.00 504.00 789.00 OK
r-devel-windows-x86_64-new-TK 1.7.10 OK
r-devel-windows-x86_64-old 1.7.10 212.00 514.00 726.00 OK
r-patched-linux-x86_64 1.7.10 191.38 434.46 625.84 OK
r-patched-solaris-x86 1.7.10 515.30 OK
r-release-linux-x86_64 1.7.10 OK
r-release-macos-arm64 1.7.10 NOTE
r-release-macos-x86_64 1.7.10 NOTE
r-release-windows-ix86+x86_64 1.7.10 475.00 416.00 891.00 NOTE
r-oldrel-macos-x86_64 1.7.10 NOTE
r-oldrel-windows-ix86+x86_64 1.7.10 361.00 528.00 889.00 NOTE

Check Details

Version: 1.7.10
Check: installed package size
Result: NOTE
     installed size is 9.2Mb
     sub-directories of 1Mb or more:
     libs 6.9Mb
Flavors: r-devel-linux-x86_64-fedora-clang, r-release-macos-arm64, r-release-macos-x86_64, r-release-windows-ix86+x86_64, r-oldrel-macos-x86_64, r-oldrel-windows-ix86+x86_64