CRAN Package Check Results for Package stopwords

Last updated on 2019-10-22 04:46:48 CEST.

Flavor Version Tinstall Tcheck Ttotal Status Flags
r-devel-linux-x86_64-debian-clang 1.0 2.05 19.29 21.34 OK
r-devel-linux-x86_64-debian-gcc 1.0 1.65 15.90 17.55 OK
r-devel-linux-x86_64-fedora-clang 1.0 27.53 NOTE
r-devel-linux-x86_64-fedora-gcc 1.0 26.45 NOTE
r-devel-windows-ix86+x86_64 1.0 8.00 47.00 55.00 OK
r-patched-linux-x86_64 1.0 1.62 19.31 20.93 OK
r-patched-solaris-x86 1.0 42.30 NOTE
r-release-linux-x86_64 1.0 1.79 19.25 21.04 OK
r-release-windows-ix86+x86_64 1.0 8.00 45.00 53.00 OK
r-release-osx-x86_64 1.0 NOTE
r-oldrel-windows-ix86+x86_64 1.0 3.00 35.00 38.00 OK
r-oldrel-osx-x86_64 1.0 NOTE

Check Details

Version: 1.0
Check: data for non-ASCII characters
Result: NOTE
     Note: found 11969 marked UTF-8 strings
Flavors: r-devel-linux-x86_64-fedora-clang, r-devel-linux-x86_64-fedora-gcc, r-patched-solaris-x86, r-release-osx-x86_64, r-oldrel-osx-x86_64