CRAN Package Check Results for Package stopwords

Last updated on 2019-02-20 16:50:01 CET.

Flavor Version Tinstall Tcheck Ttotal Status Flags
r-devel-linux-x86_64-debian-clang 0.9.0 1.46 18.84 20.30 OK
r-devel-linux-x86_64-debian-gcc 0.9.0 1.20 15.32 16.52 OK
r-devel-linux-x86_64-fedora-clang 0.9.0 25.81 NOTE
r-devel-linux-x86_64-fedora-gcc 0.9.0 25.00 NOTE
r-devel-windows-ix86+x86_64 0.9.0 3.00 46.00 49.00 OK
r-patched-linux-x86_64 0.9.0 OK
r-patched-solaris-x86 0.9.0 37.20 NOTE
r-release-linux-x86_64 0.9.0 OK
r-release-windows-ix86+x86_64 0.9.0 3.00 51.00 54.00 OK
r-release-osx-x86_64 0.9.0 NOTE
r-oldrel-windows-ix86+x86_64 0.9.0 3.00 43.00 46.00 OK
r-oldrel-osx-x86_64 0.9.0 NOTE

Check Details

Version: 0.9.0
Check: data for non-ASCII characters
Result: NOTE
     Note: found 11790 marked UTF-8 strings
Flavors: r-devel-linux-x86_64-fedora-clang, r-devel-linux-x86_64-fedora-gcc, r-patched-solaris-x86, r-release-osx-x86_64, r-oldrel-osx-x86_64