CRAN Package Check Results for Package stopp

Last updated on 2023-05-30 20:59:01 CEST.

Flavor Version Tinstall Tcheck Ttotal Status Flags
r-devel-linux-x86_64-debian-clang 0.1.0 28.29 191.55 219.84 OK
r-devel-linux-x86_64-debian-gcc 0.1.0 19.49 140.20 159.69 OK
r-devel-linux-x86_64-fedora-clang 0.1.0 285.15 OK
r-devel-linux-x86_64-fedora-gcc 0.1.0 252.96 OK
r-devel-windows-x86_64 0.1.0 23.00 157.00 180.00 OK
r-patched-linux-x86_64 0.1.0 26.26 178.47 204.73 OK
r-release-linux-x86_64 0.1.0 21.64 178.20 199.84 OK
r-release-macos-arm64 0.1.0 74.00 OK
r-release-macos-x86_64 0.1.0 128.00 OK
r-release-windows-x86_64 0.1.0 27.00 188.00 215.00 OK
r-oldrel-macos-arm64 0.1.0 155.00 ERROR
r-oldrel-macos-x86_64 0.1.0 230.00 ERROR
r-oldrel-windows-x86_64 0.1.0 27.00 196.00 223.00 OK

Check Details

Version: 0.1.0
Check: PDF version of manual
Result: WARN
    LaTeX errors when creating PDF version.
    This typically indicates Rd problems.
    LaTeX errors found:
    ! Undefined control sequence.
    <recently read> \mathbb
    
    l.998 ...athbb{E}[\hat{K}^i(r,h) ]= \pi r^ 2 h.}{}
    
    ! Undefined control sequence.
    <recently read> \mathbb
    
    l.1003 ..., \eqn{\mathbb{E}[\hat{K}_{I}^i(r,h)]}{}
     , is the same as the expec...
    ! Undefined control sequence.
    <argument> \big (\hat {K}^i_{I}(r,h)- \mathbb
     {E}[\hat {K}^i(r,h) ] \big )^2
    l.1025 }{}
    
    ! Undefined control sequence.
    <argument> \mathbb
     {E}[\hat {K}^i(r,h) ]
    l.1025 }{}
    
    ! Undefined control sequence.
    <argument> ...E}[\hat {K}^i(r,h) ]} \Bigg ) \text
     {d}h \text {d}r ,
    l.1025 }{}
    
    ! Undefined control sequence.
    <argument> ...^i(r,h) ]} \Bigg ) \text {d}h \text
     {d}r ,
    l.1025 }{}
    
    ! Undefined control sequence.
    <recently read> \mathbb
    
    l.1036 \eqn{\mathbb{E}[\hat{K}_{L}^i(r,h) ]= rh}{}
     and
    ! Undefined control sequence.
    <recently read> \mathbb
    
    l.1037 ...h) ]=\mathbb{E}[\hat{K}_{L}^i(r,h) ] }{}
    
    ! Undefined control sequence.
    <argument> ...{E}[\hat {K}_{L,I}^i(r,h) ]=\mathbb
     {E}[\hat {K}_{L}^i(r,h) ]
    l.1037 ...h) ]=\mathbb{E}[\hat{K}_{L}^i(r,h) ] }{}
    
    ! Misplaced alignment tab character &.
    <argument> \begin {cases} \mathcal {H}_{0}: &
     \text {no difference in the s...
    l.1701 \end{cases}}{}
    
    ! Undefined control sequence.
    <argument> ...n {cases} \mathcal {H}_{0}: & \text
     {no difference in the seco...
    l.1701 \end{cases}}{}
    
    ! Undefined control sequence.
    <argument> ...re of } (\textbf {u},t) \quad \text
     { w.r.t } \quad \{ \{ \tex...
    l.1701 \end{cases}}{}
    
    ! Misplaced alignment tab character &.
    <argument> ...\textbf {z} \}\\ \mathcal {H}_{1}: &
     \text {significant differ...
    l.1701 \end{cases}}{}
    
    ! Undefined control sequence.
    <argument> ... {z} \}\\ \mathcal {H}_{1}: & \text
     {significant difference in...
    l.1701 \end{cases}}{}
    
    ! Undefined control sequence.
    <argument> ...e in the second-order local } \text
     {structure of} (\textbf {u...
    l.1701 \end{cases}}{}
    
    ! Undefined control sequence.
    <argument> ...ure of} (\textbf {u},t) \quad \text
     { w.r.t } \quad \{ \{ \tex...
    l.1701 \end{cases}}{}
    
    ! Undefined control sequence.
    <argument> ...L}^{-(i)}_{H_0}(r,h) \Big )^2 \text
     {d}r \text {d}h,
    l.1715 }{}
    
    ! Undefined control sequence.
    <argument> ...H_0}(r,h) \Big )^2 \text {d}r \text
     {d}h,
    l.1715 }{}
    
    ! Undefined control sequence.
    <argument> ...f {v}) w_{\sigma _t}(t_i - s) \text
     {d}t \text {d}u
    l.1894 }{}
    
    ! Undefined control sequence.
    <argument> ...sigma _t}(t_i - s) \text {d}t \text
     {d}u
    l.1894 }{}
    
    ! Undefined control sequence.
    <argument> ...r,h;\boldsymbol {\psi })]\}^2 \text
     {d}r \text {d}h,
    l.4044 }{}
     where \eqn{\phi(r, h)}{} is a weight that depends on the space-time
    ! Undefined control sequence.
    <argument> ...mbol {\psi })]\}^2 \text {d}r \text
     {d}h,
    l.4044 }{}
     where \eqn{\phi(r, h)}{} is a weight that depends on the space-time
    ! Undefined control sequence.
    <argument> ...r,h;\boldsymbol {\psi })]\}^2 \text
     {d}r \text {d}h,
    l.4057 }{}
     where \eqn{ \bar{J}_i(r,h)= \frac{\sum_{i=1}^{n}\hat{J}_i(r,h)w_i...
    ! Undefined control sequence.
    <argument> ...mbol {\psi })]\}^2 \text {d}r \text
     {d}h,
    l.4057 }{}
     where \eqn{ \bar{J}_i(r,h)= \frac{\sum_{i=1}^{n}\hat{J}_i(r,h)w_i...
    ! Undefined control sequence.
    <argument> ...bda (\textbf {u}, t; \theta ) \text
     {d}t\text {d}u
    l.4257 ...tbf{u}, t; \theta) \text{d}t\text{d}u}{}
    
    ! Undefined control sequence.
    <argument> ...bf {u}, t; \theta ) \text {d}t\text
     {d}u
    l.4257 ...tbf{u}, t; \theta) \text{d}t\text{d}u}{}
    
    ! Undefined control sequence.
    <argument> ...lambda (\textbf {u},t;\theta )\text
     {d}t\text {d}u \approx \su...
    l.4270 ...k\lambda(\textbf{u}_{k},t_{k};\theta)}{}
    
    ! Undefined control sequence.
    <argument> ...extbf {u},t;\theta )\text {d}t\text
     {d}u \approx \sum _{k = 1}...
    l.4270 ...k\lambda(\textbf{u}_{k},t_{k};\theta)}{}
Flavors: r-oldrel-macos-arm64, r-oldrel-macos-x86_64

Version: 0.1.0
Check: PDF version of manual without index
Result: ERROR
Flavors: r-oldrel-macos-arm64, r-oldrel-macos-x86_64