CRAN Package Check Results for Package stmCorrViz

Last updated on 2024-03-01 19:49:13 CET.

Flavor Version Tinstall Tcheck Ttotal Status Flags
r-devel-linux-x86_64-debian-clang 1.3 2.32 40.84 43.16 NOTE
r-devel-linux-x86_64-debian-gcc 1.3 2.02 30.82 32.84 NOTE
r-devel-linux-x86_64-fedora-clang 1.3 52.80 NOTE
r-devel-linux-x86_64-fedora-gcc 1.3 53.91 NOTE
r-devel-windows-x86_64 1.3 3.00 58.00 61.00 OK
r-patched-linux-x86_64 1.3 2.74 39.06 41.80 NOTE
r-release-linux-x86_64 1.3 2.50 40.04 42.54 NOTE
r-release-macos-arm64 1.3 28.00 OK
r-release-macos-x86_64 1.3 31.00 OK
r-release-windows-x86_64 1.3 5.00 59.00 64.00 OK
r-oldrel-macos-arm64 1.3 21.00 NOTE
r-oldrel-windows-x86_64 1.3 5.00 66.00 71.00 OK

Check Details

Version: 1.3
Check: for non-standard things in the check directory
Result: NOTE Found the following files/directories: ‘corrviz.html’ Flavors: r-devel-linux-x86_64-debian-clang, r-devel-linux-x86_64-debian-gcc, r-devel-linux-x86_64-fedora-clang, r-devel-linux-x86_64-fedora-gcc, r-patched-linux-x86_64, r-release-linux-x86_64

Version: 1.3
Check: dependencies in R code
Result: NOTE Namespaces in Imports field not imported from: ‘SnowballC’ ‘tm’ All declared Imports should be used. Flavors: r-devel-linux-x86_64-fedora-clang, r-devel-linux-x86_64-fedora-gcc, r-oldrel-macos-arm64