CRAN Package Check Results for Package stevedata

Last updated on 2024-03-01 01:51:00 CET.

Flavor Version Tinstall Tcheck Ttotal Status Flags
r-devel-linux-x86_64-debian-clang 1.1.0 33.51 43.67 77.18 OK
r-devel-linux-x86_64-debian-gcc 1.1.0 30.77 33.79 64.56 OK
r-devel-linux-x86_64-fedora-clang 1.1.0 107.07 NOTE
r-devel-linux-x86_64-fedora-gcc 1.1.0 103.71 NOTE
r-devel-windows-x86_64 1.1.0 32.00 66.00 98.00 OK
r-patched-linux-x86_64 1.1.0 38.15 41.85 80.00 OK
r-release-linux-x86_64 1.1.0 33.97 42.28 76.25 OK
r-release-macos-arm64 1.1.0 54.00 OK
r-release-macos-x86_64 1.1.0 114.00 OK
r-release-windows-x86_64 1.1.0 32.00 73.00 105.00 OK
r-oldrel-macos-arm64 1.1.0 55.00 OK
r-oldrel-windows-x86_64 1.1.0 51.00 63.00 114.00 OK

Check Details

Version: 1.1.0
Check: data for non-ASCII characters
Result: NOTE Note: found 534 marked UTF-8 strings Flavors: r-devel-linux-x86_64-fedora-clang, r-devel-linux-x86_64-fedora-gcc