CRAN Package Check Results for Package steemr

Last updated on 2019-07-19 14:47:01 CEST.

Flavor Version Tinstall Tcheck Ttotal Status Flags
r-devel-linux-x86_64-debian-clang 0.1.3 12.31 83.07 95.38 OK
r-devel-linux-x86_64-debian-gcc 0.1.3 10.68 65.53 76.21 OK
r-devel-linux-x86_64-fedora-clang 0.1.3 115.95 NOTE
r-devel-linux-x86_64-fedora-gcc 0.1.3 99.95 NOTE
r-devel-windows-ix86+x86_64 0.1.3 33.00 143.00 176.00 OK
r-patched-linux-x86_64 0.1.3 10.80 81.33 92.13 OK
r-patched-solaris-x86 0.1.3 149.70 NOTE
r-release-linux-x86_64 0.1.3 10.82 82.65 93.47 OK
r-release-windows-ix86+x86_64 0.1.3 23.00 94.00 117.00 OK
r-release-osx-x86_64 0.1.3 NOTE
r-oldrel-windows-ix86+x86_64 0.1.3 13.00 124.00 137.00 OK
r-oldrel-osx-x86_64 0.1.3 NOTE

Check Details

Version: 0.1.3
Check: dependencies in R code
Result: NOTE
    Namespaces in Imports field not imported from:
     ‘rlist’ ‘tm’ ‘zoo’
     All declared Imports should be used.
Flavors: r-devel-linux-x86_64-fedora-clang, r-devel-linux-x86_64-fedora-gcc, r-patched-solaris-x86, r-release-osx-x86_64, r-oldrel-osx-x86_64