CRAN Package Check Results for Package steemr

Last updated on 2019-04-22 20:48:31 CEST.

Flavor Version Tinstall Tcheck Ttotal Status Flags
r-devel-linux-x86_64-debian-clang 0.1.3 10.53 83.04 93.57 OK
r-devel-linux-x86_64-debian-gcc 0.1.3 10.69 63.49 74.18 OK
r-devel-linux-x86_64-fedora-clang 0.1.3 110.46 NOTE
r-devel-linux-x86_64-fedora-gcc 0.1.3 112.01 NOTE
r-devel-windows-ix86+x86_64 0.1.3 35.00 102.00 137.00 OK
r-patched-linux-x86_64 0.1.3 12.48 79.76 92.24 OK
r-patched-solaris-x86 0.1.3 177.60 NOTE
r-release-linux-x86_64 0.1.3 9.29 77.65 86.94 OK
r-release-windows-ix86+x86_64 0.1.3 15.00 96.00 111.00 OK
r-release-osx-x86_64 0.1.3 NOTE
r-oldrel-windows-ix86+x86_64 0.1.3 22.00 137.00 159.00 OK
r-oldrel-osx-x86_64 0.1.3 NOTE

Check Details

Version: 0.1.3
Check: dependencies in R code
Result: NOTE
    Namespaces in Imports field not imported from:
     ‘rlist’ ‘tm’ ‘zoo’
     All declared Imports should be used.
Flavors: r-devel-linux-x86_64-fedora-clang, r-devel-linux-x86_64-fedora-gcc, r-patched-solaris-x86, r-release-osx-x86_64, r-oldrel-osx-x86_64