CRAN Package Check Results for Package steadyICA

Last updated on 2022-08-09 12:53:38 CEST.

Flavor Version Tinstall Tcheck Ttotal Status Flags
r-devel-linux-x86_64-debian-clang 1.0 14.28 49.88 64.16 OK
r-devel-linux-x86_64-debian-gcc 1.0 11.74 38.39 50.13 OK
r-devel-linux-x86_64-fedora-clang 1.0 90.40 NOTE
r-devel-linux-x86_64-fedora-gcc 1.0 87.65 NOTE
r-devel-windows-x86_64 1.0 34.00 93.00 127.00 OK
r-patched-linux-x86_64 1.0 11.49 49.48 60.97 OK
r-release-linux-x86_64 1.0 OK
r-release-macos-arm64 1.0 25.00 OK
r-release-macos-x86_64 1.0 37.00 OK
r-release-windows-x86_64 1.0 30.00 92.00 122.00 OK
r-oldrel-macos-arm64 1.0 31.00 OK
r-oldrel-macos-x86_64 1.0 41.00 OK
r-oldrel-windows-ix86+x86_64 1.0 37.00 109.00 146.00 OK

Check Details

Version: 1.0
Check: compiled code
Result: NOTE
    File ‘steadyICA/libs/steadyICA.so’:
     Found no calls to: ‘R_registerRoutines’, ‘R_useDynamicSymbols’
    
    It is good practice to register native routines and to disable symbol
    search.
    
    See ‘Writing portable packages’ in the ‘Writing R Extensions’ manual.
Flavors: r-devel-linux-x86_64-fedora-clang, r-devel-linux-x86_64-fedora-gcc