Last updated on 2022-06-26 08:53:44 CEST.
Flavor | Version | Tinstall | Tcheck | Ttotal | Status | Flags |
---|---|---|---|---|---|---|
r-devel-linux-x86_64-debian-clang | 3.4.1 | 12.51 | 89.13 | 101.64 | NOTE | |
r-devel-linux-x86_64-debian-gcc | 3.4.1 | 9.63 | 66.13 | 75.76 | NOTE | |
r-devel-linux-x86_64-fedora-clang | 3.4.1 | 126.31 | NOTE | |||
r-devel-linux-x86_64-fedora-gcc | 3.4.1 | 123.67 | NOTE | |||
r-devel-windows-x86_64 | 3.4.1 | 20.00 | 106.00 | 126.00 | NOTE | |
r-patched-linux-x86_64 | 3.4.1 | 12.27 | 84.33 | 96.60 | OK | |
r-release-linux-x86_64 | 3.4.1 | 10.04 | 83.15 | 93.19 | OK | |
r-release-macos-arm64 | 3.4.1 | 34.00 | OK | |||
r-release-macos-x86_64 | 3.4.1 | 50.00 | OK | |||
r-release-windows-x86_64 | 3.4.1 | 22.00 | 106.00 | 128.00 | OK | |
r-oldrel-macos-arm64 | 3.4.1 | 45.00 | OK | |||
r-oldrel-macos-x86_64 | 3.4.1 | 59.00 | OK | |||
r-oldrel-windows-ix86+x86_64 | 3.4.1 | 22.00 | 103.00 | 125.00 | OK |
Version: 3.4.1
Check: Rd files
Result: NOTE
checkRd: (-1) stdGlm.Rd:93: Escaped LaTeX specials: \&
Flavors: r-devel-linux-x86_64-debian-clang, r-devel-linux-x86_64-debian-gcc, r-devel-linux-x86_64-fedora-clang, r-devel-linux-x86_64-fedora-gcc, r-devel-windows-x86_64