CRAN Package Check Results for Package stcos

Last updated on 2021-12-05 22:49:07 CET.

Flavor Version Tinstall Tcheck Ttotal Status Flags
r-devel-linux-x86_64-debian-clang 0.3.0 91.07 168.75 259.82 OK
r-devel-linux-x86_64-debian-gcc 0.3.0 66.56 142.04 208.60 OK
r-devel-linux-x86_64-fedora-clang 0.3.0 347.36 NOTE
r-devel-linux-x86_64-fedora-gcc 0.3.0 315.12 OK
r-devel-windows-x86_64-new-UL 0.3.0 110.00 238.00 348.00 OK
r-devel-windows-x86_64-new-TK 0.3.0 OK
r-devel-windows-x86_64-old 0.3.0 114.00 167.00 281.00 OK
r-patched-linux-x86_64 0.3.0 77.79 154.83 232.62 OK
r-release-linux-x86_64 0.3.0 77.11 160.04 237.15 OK
r-release-macos-arm64 0.3.0 NOTE
r-release-macos-x86_64 0.3.0 NOTE
r-release-windows-ix86+x86_64 0.3.0 219.00 292.00 511.00 NOTE
r-oldrel-macos-x86_64 0.3.0 NOTE
r-oldrel-windows-ix86+x86_64 0.3.0 220.00 296.00 516.00 NOTE

Check Details

Version: 0.3.0
Check: installed package size
Result: NOTE
     installed size is 6.4Mb
     sub-directories of 1Mb or more:
     data 2.3Mb
     libs 3.8Mb
Flavors: r-devel-linux-x86_64-fedora-clang, r-release-macos-arm64, r-release-macos-x86_64, r-release-windows-ix86+x86_64, r-oldrel-macos-x86_64, r-oldrel-windows-ix86+x86_64