Last updated on 2023-06-05 20:57:53 CEST.
Flavor | Version | Tinstall | Tcheck | Ttotal | Status | Flags |
---|---|---|---|---|---|---|
r-devel-linux-x86_64-debian-clang | 0.1.4 | 6.69 | 52.12 | 58.81 | OK | |
r-devel-linux-x86_64-debian-gcc | 0.1.4 | 5.47 | 40.12 | 45.59 | OK | |
r-devel-linux-x86_64-fedora-clang | 0.1.4 | 79.62 | NOTE | |||
r-devel-linux-x86_64-fedora-gcc | 0.1.4 | 68.48 | NOTE | |||
r-devel-windows-x86_64 | 0.1.4 | 8.00 | 60.00 | 68.00 | OK | |
r-patched-linux-x86_64 | 0.1.4 | 6.33 | 49.02 | 55.35 | OK | |
r-release-linux-x86_64 | 0.1.4 | 4.14 | 48.44 | 52.58 | OK | |
r-release-macos-arm64 | 0.1.4 | 24.00 | OK | |||
r-release-macos-x86_64 | 0.1.4 | 37.00 | OK | |||
r-release-windows-x86_64 | 0.1.4 | 9.00 | 67.00 | 76.00 | OK | |
r-oldrel-macos-arm64 | 0.1.4 | 26.00 | NOTE | |||
r-oldrel-macos-x86_64 | 0.1.4 | 45.00 | NOTE | |||
r-oldrel-windows-x86_64 | 0.1.4 | 9.00 | 68.00 | 77.00 | OK |
Version: 0.1.4
Check: dependencies in R code
Result: NOTE
Namespace in Imports field not imported from: ‘tibble’
All declared Imports should be used.
Flavors: r-devel-linux-x86_64-fedora-clang, r-devel-linux-x86_64-fedora-gcc, r-oldrel-macos-arm64, r-oldrel-macos-x86_64