Last updated on 2022-06-28 03:51:44 CEST.
Flavor | Version | Tinstall | Tcheck | Ttotal | Status | Flags |
---|---|---|---|---|---|---|
r-devel-linux-x86_64-debian-clang | 0.1.4 | 6.63 | 57.50 | 64.13 | OK | |
r-devel-linux-x86_64-debian-gcc | 0.1.4 | 5.68 | 42.99 | 48.67 | OK | |
r-devel-linux-x86_64-fedora-clang | 0.1.4 | 85.89 | NOTE | |||
r-devel-linux-x86_64-fedora-gcc | 0.1.4 | 83.39 | NOTE | |||
r-devel-windows-x86_64 | 0.1.4 | 78.00 | 81.00 | 159.00 | OK | |
r-patched-linux-x86_64 | 0.1.4 | 6.83 | 54.29 | 61.12 | OK | |
r-release-linux-x86_64 | 0.1.4 | 5.05 | 54.09 | 59.14 | OK | |
r-release-macos-arm64 | 0.1.4 | 26.00 | NOTE | |||
r-release-macos-x86_64 | 0.1.4 | 45.00 | NOTE | |||
r-release-windows-x86_64 | 0.1.4 | 62.00 | 81.00 | 143.00 | OK | |
r-oldrel-macos-arm64 | 0.1.4 | 26.00 | NOTE | |||
r-oldrel-macos-x86_64 | 0.1.4 | 35.00 | NOTE | |||
r-oldrel-windows-ix86+x86_64 | 0.1.4 | 16.00 | 78.00 | 94.00 | OK |
Version: 0.1.4
Check: dependencies in R code
Result: NOTE
Namespace in Imports field not imported from: ‘tibble’
All declared Imports should be used.
Flavors: r-devel-linux-x86_64-fedora-clang, r-devel-linux-x86_64-fedora-gcc, r-release-macos-arm64, r-release-macos-x86_64, r-oldrel-macos-arm64, r-oldrel-macos-x86_64