CRAN Package Check Results for Package statsExpressions

Last updated on 2020-08-03 22:50:49 CEST.

Flavor Version Tinstall Tcheck Ttotal Status Flags
r-devel-linux-x86_64-debian-clang 0.4.2 26.04 275.27 301.31 OK
r-devel-linux-x86_64-debian-gcc 0.4.2 23.85 208.86 232.71 OK
r-devel-linux-x86_64-fedora-clang 0.4.2 361.94 NOTE
r-devel-linux-x86_64-fedora-gcc 0.4.2 359.45 OK
r-devel-windows-ix86+x86_64 0.4.2 90.00 277.00 367.00 OK
r-patched-linux-x86_64 0.4.2 0.32 2.58 2.90 ERROR
r-patched-solaris-x86 0.4.2 505.40 OK
r-release-linux-x86_64 0.4.2 30.30 282.36 312.66 OK
r-release-macos-x86_64 0.4.2 OK
r-release-windows-ix86+x86_64 0.4.2 88.00 381.00 469.00 OK
r-oldrel-macos-x86_64 0.4.2 OK
r-oldrel-windows-ix86+x86_64 0.4.2 51.00 239.00 290.00 OK

Check Details

Version: 0.4.2
Check: Rd cross-references
Result: NOTE
    Undeclared package ‘metaBMA’ in Rd xrefs
Flavor: r-devel-linux-x86_64-fedora-clang

Version: 0.4.2
Check: package dependencies
Result: ERROR
    Package required but not available: ‘tidyBF’
    
    See section ‘The DESCRIPTION file’ in the ‘Writing R Extensions’
    manual.
Flavor: r-patched-linux-x86_64