CRAN Package Check Results for Package statnetWeb

Last updated on 2022-05-19 05:52:06 CEST.

Flavor Version Tinstall Tcheck Ttotal Status Flags
r-devel-linux-x86_64-debian-clang 0.5.6 11.18 111.31 122.49 NOTE
r-devel-linux-x86_64-debian-gcc 0.5.6 10.23 81.77 92.00 NOTE
r-devel-linux-x86_64-fedora-clang 0.5.6 141.39 NOTE
r-devel-linux-x86_64-fedora-gcc 0.5.6 147.74 NOTE
r-devel-windows-x86_64 0.5.6 31.00 123.00 154.00 NOTE
r-patched-linux-x86_64 0.5.6 10.31 104.06 114.37 NOTE
r-release-linux-x86_64 0.5.6 10.30 103.06 113.36 NOTE
r-release-macos-arm64 0.5.6 38.00 NOTE
r-release-macos-x86_64 0.5.6 76.00 NOTE
r-release-windows-x86_64 0.5.6 64.00 120.00 184.00 NOTE
r-oldrel-macos-arm64 0.5.6 42.00 NOTE
r-oldrel-macos-x86_64 0.5.6 71.00 NOTE
r-oldrel-windows-ix86+x86_64 0.5.6 27.00 113.00 140.00 NOTE

Check Details

Version: 0.5.6
Check: LazyData
Result: NOTE
     'LazyData' is specified without a 'data' directory
Flavors: r-devel-linux-x86_64-debian-clang, r-devel-linux-x86_64-debian-gcc, r-devel-linux-x86_64-fedora-clang, r-devel-linux-x86_64-fedora-gcc, r-devel-windows-x86_64, r-patched-linux-x86_64, r-release-linux-x86_64, r-release-macos-arm64, r-release-macos-x86_64, r-release-windows-x86_64, r-oldrel-macos-arm64, r-oldrel-macos-x86_64, r-oldrel-windows-ix86+x86_64