Last updated on 2022-06-26 20:51:50 CEST.
Flavor | Version | Tinstall | Tcheck | Ttotal | Status | Flags |
---|---|---|---|---|---|---|
r-devel-linux-x86_64-debian-clang | 2019.6 | 10.51 | 238.51 | 249.02 | NOTE | |
r-devel-linux-x86_64-debian-gcc | 2019.6 | 9.71 | 178.93 | 188.64 | NOTE | |
r-devel-linux-x86_64-fedora-clang | 2019.6 | 281.56 | NOTE | |||
r-devel-linux-x86_64-fedora-gcc | 2019.6 | 279.64 | NOTE | |||
r-devel-windows-x86_64 | 2019.6 | 59.00 | 404.00 | 463.00 | OK | |
r-patched-linux-x86_64 | 2019.6 | 11.15 | 220.53 | 231.68 | NOTE | |
r-release-linux-x86_64 | 2019.6 | 11.70 | 219.54 | 231.24 | NOTE | |
r-release-macos-arm64 | 2019.6 | 98.00 | OK | |||
r-release-macos-x86_64 | 2019.6 | 216.00 | OK | |||
r-release-windows-x86_64 | 2019.6 | 57.00 | 397.00 | 454.00 | OK | |
r-oldrel-macos-arm64 | 2019.6 | 104.00 | OK | |||
r-oldrel-macos-x86_64 | 2019.6 | 208.00 | OK | |||
r-oldrel-windows-ix86+x86_64 | 2019.6 | 155.00 | 380.00 | 535.00 | OK |
Version: 2019.6
Check: package dependencies
Result: NOTE
Package suggested but not available for checking: 'networksis'
Flavors: r-devel-linux-x86_64-debian-clang, r-devel-linux-x86_64-debian-gcc, r-devel-linux-x86_64-fedora-clang, r-devel-linux-x86_64-fedora-gcc, r-patched-linux-x86_64, r-release-linux-x86_64