CRAN Package Check Results for Package statip

Last updated on 2022-08-19 01:50:15 CEST.

Flavor Version Tinstall Tcheck Ttotal Status Flags
r-devel-linux-x86_64-debian-clang 0.2.3 3.58 30.99 34.57 NOTE
r-devel-linux-x86_64-debian-gcc 0.2.3 3.41 24.08 27.49 NOTE
r-devel-linux-x86_64-fedora-clang 0.2.3 53.53 NOTE
r-devel-linux-x86_64-fedora-gcc 0.2.3 51.02 NOTE
r-devel-windows-x86_64 0.2.3 19.00 68.00 87.00 NOTE
r-patched-linux-x86_64 0.2.3 3.65 29.58 33.23 NOTE
r-release-linux-x86_64 0.2.3 NOTE
r-release-macos-arm64 0.2.3 18.00 NOTE
r-release-macos-x86_64 0.2.3 25.00 NOTE
r-release-windows-x86_64 0.2.3 23.00 59.00 82.00 NOTE
r-oldrel-macos-arm64 0.2.3 23.00 NOTE
r-oldrel-macos-x86_64 0.2.3 36.00 NOTE
r-oldrel-windows-ix86+x86_64 0.2.3 11.00 63.00 74.00 NOTE

Check Details

Version: 0.2.3
Check: LazyData
Result: NOTE
     'LazyData' is specified without a 'data' directory
Flavors: r-devel-linux-x86_64-debian-clang, r-devel-linux-x86_64-debian-gcc, r-devel-linux-x86_64-fedora-clang, r-devel-linux-x86_64-fedora-gcc, r-devel-windows-x86_64, r-patched-linux-x86_64, r-release-linux-x86_64, r-release-macos-arm64, r-release-macos-x86_64, r-release-windows-x86_64, r-oldrel-macos-arm64, r-oldrel-macos-x86_64, r-oldrel-windows-ix86+x86_64

Version: 0.2.3
Check: Rd cross-references
Result: NOTE
    Undeclared package ‘distrEx’ in Rd xrefs
Flavor: r-devel-linux-x86_64-fedora-clang