CRAN Package Check Results for Package stationery

Last updated on 2019-08-24 23:48:17 CEST.

Flavor Version Tinstall Tcheck Ttotal Status Flags
r-devel-linux-x86_64-debian-clang 0.98.6 4.53 74.77 79.30 OK
r-devel-linux-x86_64-debian-gcc 0.98.6 3.27 60.45 63.72 OK
r-devel-linux-x86_64-fedora-clang 0.98.6 85.02 WARN
r-devel-linux-x86_64-fedora-gcc 0.98.6 87.94 WARN
r-devel-windows-ix86+x86_64 0.98.6 11.00 103.00 114.00 OK
r-patched-linux-x86_64 0.98.6 4.15 74.34 78.49 OK
r-patched-solaris-x86 0.98.6 106.00 OK
r-release-linux-x86_64 0.98.6 3.86 75.62 79.48 OK
r-release-windows-ix86+x86_64 0.98.6 14.00 0.00 14.00 FAIL
r-release-osx-x86_64 0.98.6 OK
r-oldrel-windows-ix86+x86_64 0.98.6 10.00 141.00 151.00 OK
r-oldrel-osx-x86_64 0.98.6 OK

Check Details

Version: 0.98.6
Check: re-building of vignette outputs
Result: WARN
    Error(s) in re-building vignettes:
    --- re-building ‘HTML_special_features.Rmd’ using rmarkdown
    --- finished re-building ‘HTML_special_features.Rmd’
    
    --- re-building ‘Rmarkdown.Rmd’ using rmarkdown
    pandoc: Cannot decode byte '\xa9': Data.Text.Internal.Encoding.streamDecodeUtf8With: Invalid UTF-8 stream
    Error: processing vignette 'Rmarkdown.Rmd' failed with diagnostics:
    pandoc document conversion failed with error 1
    --- failed re-building ‘Rmarkdown.Rmd’
    
    --- re-building ‘code_chunks.Rmd’ using rmarkdown
    OMP: Warning #96: Cannot form a team with 3 threads, using 2 instead.
    OMP: Hint Consider unsetting KMP_DEVICE_THREAD_LIMIT (KMP_ALL_THREADS), KMP_TEAMS_THREAD_LIMIT, and OMP_THREAD_LIMIT (if any are set).
    pandoc: Cannot decode byte '\xa9': Data.Text.Internal.Encoding.streamDecodeUtf8With: Invalid UTF-8 stream
    Error: processing vignette 'code_chunks.Rmd' failed with diagnostics:
    pandoc document conversion failed with error 1
    --- failed re-building ‘code_chunks.Rmd’
    
    --- re-building ‘stationery.Rnw’ using Sweave
    --- finished re-building ‘stationery.Rnw’
    
    SUMMARY: processing the following files failed:
     ‘Rmarkdown.Rmd’ ‘code_chunks.Rmd’
    
    Error: Vignette re-building failed.
    Execution halted
Flavor: r-devel-linux-x86_64-fedora-clang

Version: 0.98.6
Check: re-building of vignette outputs
Result: WARN
    Error(s) in re-building vignettes:
    --- re-building ‘HTML_special_features.Rmd’ using rmarkdown
    --- finished re-building ‘HTML_special_features.Rmd’
    
    --- re-building ‘Rmarkdown.Rmd’ using rmarkdown
    pandoc: Cannot decode byte '\xa9': Data.Text.Internal.Encoding.streamDecodeUtf8With: Invalid UTF-8 stream
    Error: processing vignette 'Rmarkdown.Rmd' failed with diagnostics:
    pandoc document conversion failed with error 1
    --- failed re-building ‘Rmarkdown.Rmd’
    
    --- re-building ‘code_chunks.Rmd’ using rmarkdown
    pandoc: Cannot decode byte '\xa9': Data.Text.Internal.Encoding.streamDecodeUtf8With: Invalid UTF-8 stream
    Error: processing vignette 'code_chunks.Rmd' failed with diagnostics:
    pandoc document conversion failed with error 1
    --- failed re-building ‘code_chunks.Rmd’
    
    --- re-building ‘stationery.Rnw’ using Sweave
    --- finished re-building ‘stationery.Rnw’
    
    SUMMARY: processing the following files failed:
     ‘Rmarkdown.Rmd’ ‘code_chunks.Rmd’
    
    Error: Vignette re-building failed.
    Execution halted
Flavor: r-devel-linux-x86_64-fedora-gcc

Version: 0.98.6
Check: re-building of vignette outputs
Result: FAIL
    Check process probably crashed or hung up for 20 minutes ... killed
    Most likely this happened in the example checks (?),
    if not, ignore the following last lines of example output:
    > cleanEx()
    > nameEx("rnw2pdf")
    > ### * rnw2pdf
    >
    > flush(stderr()); flush(stdout())
    >
    > ### Name: rnw2pdf
    > ### Title: Convert (Sweave & compile) an Rnw or lyx file to PDF
    > ### Aliases: rnw2pdf
    >
    > ### ** Examples
    >
    >
    >
    >
    > ### * <FOOTER>
    > ###
    > cleanEx()
    > options(digits = 7L)
    > base::cat("Time elapsed: ", proc.time() - base::get("ptime", pos = 'CheckExEnv'),"\n")
    Time elapsed: 1.15 0.22 1.64 NA NA
    > grDevices::dev.off()
    null device
     1
    > ###
    > ### Local variables: ***
    > ### mode: outline-minor ***
    > ### outline-regexp: "\\(> \\)?### [*]+" ***
    > ### End: ***
    > quit('no')
    ======== End of example output (where/before crash/hang up occured ?) ========
Flavor: r-release-windows-ix86+x86_64