CRAN Package Check Results for Package statgenIBD

Last updated on 2021-11-26 23:50:16 CET.

Flavor Version Tinstall Tcheck Ttotal Status Flags
r-devel-linux-x86_64-debian-clang 1.0.1 82.64 56.81 139.45 OK
r-devel-linux-x86_64-debian-gcc 1.0.1 63.93 43.89 107.82 OK
r-devel-linux-x86_64-fedora-clang 1.0.1 229.63 OK
r-devel-linux-x86_64-fedora-gcc 1.0.1 193.77 OK
r-devel-windows-x86_64-new-UL 1.0.1 125.00 142.00 267.00 OK
r-devel-windows-x86_64-new-TK 1.0.1 OK
r-devel-windows-x86_64-old 1.0.1 87.00 109.00 196.00 OK
r-patched-linux-x86_64 1.0.1 76.02 53.07 129.09 OK
r-patched-solaris-x86 1.0.1 179.60 OK
r-release-linux-x86_64 1.0.1 OK
r-release-macos-arm64 1.0.1 NOTE
r-release-macos-x86_64 1.0.1 OK
r-release-windows-ix86+x86_64 1.0.1 236.00 100.00 336.00 OK
r-oldrel-macos-x86_64 1.0.1 OK
r-oldrel-windows-ix86+x86_64 1.0.1 220.00 127.00 347.00 OK

Check Details

Version: 1.0.1
Check: installed package size
Result: NOTE
     installed size is 5.2Mb
     sub-directories of 1Mb or more:
     libs 4.7Mb
Flavor: r-release-macos-arm64