Last updated on 2022-05-24 13:50:33 CEST.
Flavor | Version | Tinstall | Tcheck | Ttotal | Status | Flags |
---|---|---|---|---|---|---|
r-devel-linux-x86_64-debian-clang | 1.0.4 | 94.64 | 83.14 | 177.78 | WARN | |
r-devel-linux-x86_64-debian-gcc | 1.0.4 | 77.52 | 63.13 | 140.65 | OK | |
r-devel-linux-x86_64-fedora-clang | 1.0.4 | 257.99 | WARN | |||
r-devel-linux-x86_64-fedora-gcc | 1.0.4 | 218.22 | OK | |||
r-devel-windows-x86_64 | 1.0.4 | 104.00 | 141.00 | 245.00 | OK | |
r-patched-linux-x86_64 | 1.0.4 | 79.72 | 81.14 | 160.86 | OK | |
r-release-linux-x86_64 | 1.0.4 | OK | ||||
r-release-macos-arm64 | 1.0.4 | 70.00 | OK | |||
r-release-macos-x86_64 | 1.0.4 | 123.00 | OK | |||
r-release-windows-x86_64 | 1.0.4 | 105.00 | 144.00 | 249.00 | OK | |
r-oldrel-macos-arm64 | 1.0.4 | 60.00 | NOTE | |||
r-oldrel-macos-x86_64 | 1.0.4 | 85.00 | OK | |||
r-oldrel-windows-ix86+x86_64 | 1.0.4 | 243.00 | 150.00 | 393.00 | OK |
Version: 1.0.4
Check: whether package can be installed
Result: WARN
Found the following significant warnings:
calcIBD.cpp:116:18: warning: use of bitwise '|' with boolean operands [-Wbitwise-instead-of-logical]
Flavors: r-devel-linux-x86_64-debian-clang, r-devel-linux-x86_64-fedora-clang
Version: 1.0.4
Check: installed package size
Result: NOTE
installed size is 5.7Mb
sub-directories of 1Mb or more:
libs 5.0Mb
Flavor: r-oldrel-macos-arm64