CRAN Package Check Results for Package statgenGWAS

Last updated on 2021-12-03 09:54:09 CET.

Flavor Version Tinstall Tcheck Ttotal Status Flags
r-devel-linux-x86_64-debian-clang 1.0.7 103.12 220.44 323.56 OK
r-devel-linux-x86_64-debian-gcc 1.0.7 75.93 152.31 228.24 OK
r-devel-linux-x86_64-fedora-clang 1.0.7 415.24 NOTE
r-devel-linux-x86_64-fedora-gcc 1.0.7 381.67 OK
r-devel-windows-x86_64-new-UL 1.0.7 138.00 282.00 420.00 NOTE
r-devel-windows-x86_64-new-TK 1.0.7 OK
r-devel-windows-x86_64-old 1.0.7 133.00 176.00 309.00 OK
r-patched-linux-x86_64 1.0.7 94.88 195.90 290.78 OK
r-patched-solaris-x86 1.0.7 233.40 OK
r-release-linux-x86_64 1.0.7 95.72 195.21 290.93 OK
r-release-macos-arm64 1.0.7 NOTE
r-release-macos-x86_64 1.0.7 NOTE
r-release-windows-ix86+x86_64 1.0.7 251.00 257.00 508.00 NOTE
r-oldrel-macos-x86_64 1.0.7 NOTE
r-oldrel-windows-ix86+x86_64 1.0.7 252.00 264.00 516.00 NOTE

Check Details

Version: 1.0.7
Check: installed package size
Result: NOTE
     installed size is 8.2Mb
     sub-directories of 1Mb or more:
     data 2.7Mb
     libs 4.5Mb
Flavors: r-devel-linux-x86_64-fedora-clang, r-devel-windows-x86_64-new-UL, r-release-macos-arm64, r-release-macos-x86_64, r-release-windows-ix86+x86_64, r-oldrel-macos-x86_64, r-oldrel-windows-ix86+x86_64