CRAN Package Check Results for Package statespacer

Last updated on 2021-12-03 00:48:58 CET.

Flavor Version Tinstall Tcheck Ttotal Status Flags
r-devel-linux-x86_64-debian-clang 0.4.0 109.37 132.75 242.12 OK
r-devel-linux-x86_64-debian-gcc 0.4.0 80.62 103.69 184.31 OK
r-devel-linux-x86_64-fedora-clang 0.4.0 353.15 NOTE
r-devel-linux-x86_64-fedora-gcc 0.4.0 312.52 OK
r-devel-windows-x86_64-new-UL 0.4.0 138.00 212.00 350.00 OK
r-devel-windows-x86_64-new-TK 0.4.0 OK
r-devel-windows-x86_64-old 0.4.0 141.00 139.00 280.00 OK
r-patched-linux-x86_64 0.4.0 94.17 128.92 223.09 OK
r-patched-solaris-x86 0.4.0 218.80 OK
r-release-linux-x86_64 0.4.0 92.61 130.95 223.56 OK
r-release-macos-arm64 0.4.0 NOTE
r-release-macos-x86_64 0.4.0 NOTE
r-release-windows-ix86+x86_64 0.4.0 265.00 183.00 448.00 OK
r-oldrel-macos-x86_64 0.4.0 NOTE
r-oldrel-windows-ix86+x86_64 0.4.0 262.00 182.00 444.00 OK

Check Details

Version: 0.4.0
Check: installed package size
Result: NOTE
     installed size is 6.3Mb
     sub-directories of 1Mb or more:
     libs 5.6Mb
Flavors: r-devel-linux-x86_64-fedora-clang, r-release-macos-arm64, r-release-macos-x86_64, r-oldrel-macos-x86_64