Last updated on 2023-12-10 19:49:27 CET.
Flavor | Version | Tinstall | Tcheck | Ttotal | Status | Flags |
---|---|---|---|---|---|---|
r-devel-linux-x86_64-debian-clang | 0.9.2 | 2.22 | 22.79 | 25.01 | OK | |
r-devel-linux-x86_64-debian-gcc | 0.9.2 | 1.64 | 17.93 | 19.57 | OK | |
r-devel-linux-x86_64-fedora-clang | 0.9.2 | 31.95 | NOTE | |||
r-devel-linux-x86_64-fedora-gcc | 0.9.2 | 29.42 | NOTE | |||
r-devel-windows-x86_64 | 0.9.2 | 3.00 | 43.00 | 46.00 | OK | |
r-patched-linux-x86_64 | 0.9.2 | 2.49 | 22.16 | 24.65 | OK | |
r-release-linux-x86_64 | 0.9.2 | 2.30 | 22.61 | 24.91 | OK | |
r-release-macos-arm64 | 0.9.2 | 18.00 | OK | |||
r-release-macos-x86_64 | 0.9.2 | 22.00 | OK | |||
r-release-windows-x86_64 | 0.9.2 | 3.00 | 42.00 | 45.00 | OK | |
r-oldrel-macos-arm64 | 0.9.2 | 19.00 | OK | |||
r-oldrel-macos-x86_64 | 0.9.2 | 22.00 | NOTE | |||
r-oldrel-windows-x86_64 | 0.9.2 | 5.00 | 42.00 | 47.00 | OK |
Version: 0.9.2
Check: data for non-ASCII characters
Result: NOTE
Note: found 1 marked Latin-1 string
Note: found 18 marked UTF-8 strings
Flavors: r-devel-linux-x86_64-fedora-clang, r-devel-linux-x86_64-fedora-gcc, r-oldrel-macos-x86_64