CRAN Package Check Results for Package statcodelists

Last updated on 2024-06-21 04:56:55 CEST.

Flavor Version Tinstall Tcheck Ttotal Status Flags
r-devel-linux-x86_64-debian-clang 0.9.2 1.95 23.22 25.17 OK
r-devel-linux-x86_64-debian-gcc 0.9.2 1.78 18.39 20.17 OK
r-devel-linux-x86_64-fedora-clang 0.9.2 33.55 NOTE
r-devel-linux-x86_64-fedora-gcc 0.9.2 31.12 NOTE
r-devel-windows-x86_64 0.9.2 3.00 43.00 46.00 OK
r-patched-linux-x86_64 0.9.2 2.72 23.22 25.94 OK
r-release-linux-x86_64 0.9.2 2.20 22.71 24.91 OK
r-release-macos-arm64 0.9.2 15.00 OK
r-release-macos-x86_64 0.9.2 21.00 OK
r-release-windows-x86_64 0.9.2 3.00 44.00 47.00 OK
r-oldrel-macos-arm64 0.9.2 18.00 OK
r-oldrel-macos-x86_64 0.9.2 22.00 OK
r-oldrel-windows-x86_64 0.9.2 4.00 45.00 49.00 OK

Check Details

Version: 0.9.2
Check: data for non-ASCII characters
Result: NOTE Note: found 1 marked Latin-1 string Note: found 18 marked UTF-8 strings Flavors: r-devel-linux-x86_64-fedora-clang, r-devel-linux-x86_64-fedora-gcc