CRAN Package Check Results for Package statar

Last updated on 2021-08-05 12:57:31 CEST.

Flavor Version Tinstall Tcheck Ttotal Status Flags
r-devel-linux-x86_64-debian-clang 0.7.3 6.65 68.18 74.83 OK
r-devel-linux-x86_64-debian-gcc 0.7.3 4.86 51.18 56.04 OK
r-devel-linux-x86_64-fedora-clang 0.7.3 96.31 OK
r-devel-linux-x86_64-fedora-gcc 0.7.3 86.70 OK
r-devel-windows-x86_64 0.7.3 10.00 65.00 75.00 OK
r-devel-windows-x86_64-gcc10-UCRT 0.7.3 ERROR
r-patched-linux-x86_64 0.7.3 9.98 64.06 74.04 OK
r-patched-solaris-x86 0.7.3 124.40 OK
r-release-linux-x86_64 0.7.3 5.30 63.64 68.94 OK
r-release-macos-arm64 0.7.3 OK
r-release-macos-x86_64 0.7.3 OK
r-release-windows-ix86+x86_64 0.7.3 15.00 93.00 108.00 OK
r-oldrel-macos-x86_64 0.7.3 OK
r-oldrel-windows-ix86+x86_64 0.7.3 22.00 92.00 114.00 OK

Check Details

Version: 0.7.3
Check: package dependencies
Result: ERROR
    Packages required but not available: 'dplyr', 'ggplot2'
    
    Package suggested but not available for checking: 'testthat'
    
    See section 'The DESCRIPTION file' in the 'Writing R Extensions'
    manual.
Flavor: r-devel-windows-x86_64-gcc10-UCRT