CRAN Package Check Results for Package starwarsdb

Last updated on 2022-08-09 13:49:55 CEST.

Flavor Version Tinstall Tcheck Ttotal Status Flags
r-devel-linux-x86_64-debian-clang 0.1.2 2.42 37.29 39.71 OK
r-devel-linux-x86_64-debian-gcc 0.1.2 1.86 28.46 30.32 OK
r-devel-linux-x86_64-fedora-clang 0.1.2 62.36 NOTE
r-devel-linux-x86_64-fedora-gcc 0.1.2 67.71 NOTE
r-devel-windows-x86_64 0.1.2 24.00 67.00 91.00 OK
r-patched-linux-x86_64 0.1.2 1.60 34.69 36.29 OK
r-release-linux-x86_64 0.1.2 OK
r-release-macos-arm64 0.1.2 25.00 NOTE
r-release-macos-x86_64 0.1.2 33.00 NOTE
r-release-windows-x86_64 0.1.2 18.00 64.00 82.00 OK
r-oldrel-macos-arm64 0.1.2 27.00 NOTE
r-oldrel-macos-x86_64 0.1.2 37.00 NOTE
r-oldrel-windows-ix86+x86_64 0.1.2 6.00 59.00 65.00 OK

Check Details

Version: 0.1.2
Check: data for non-ASCII characters
Result: NOTE
     Note: found 14 marked UTF-8 strings
Flavors: r-devel-linux-x86_64-fedora-clang, r-devel-linux-x86_64-fedora-gcc, r-release-macos-arm64, r-release-macos-x86_64, r-oldrel-macos-arm64, r-oldrel-macos-x86_64