CRAN Package Check Results for Package startupmsg

Last updated on 2019-03-23 13:49:43 CET.

Flavor Version Tinstall Tcheck Ttotal Status Flags
r-devel-linux-x86_64-debian-clang 0.9.6 1.67 17.09 18.76 OK
r-devel-linux-x86_64-debian-gcc 0.9.6 1.29 13.93 15.22 OK
r-devel-linux-x86_64-fedora-clang 0.9.6 22.82 OK
r-devel-linux-x86_64-fedora-gcc 0.9.6 21.63 OK
r-devel-windows-ix86+x86_64 0.9.6 6.00 37.00 43.00 OK
r-patched-linux-x86_64 0.9.6 0.69 16.14 16.83 OK
r-patched-solaris-x86 0.9.6 33.80 OK
r-release-linux-x86_64 0.9.6 0.30 1.67 1.97 ERROR
r-release-windows-ix86+x86_64 0.9.6 3.00 32.00 35.00 OK
r-release-osx-x86_64 0.9.6 OK
r-oldrel-windows-ix86+x86_64 0.9.6 3.00 38.00 41.00 OK
r-oldrel-osx-x86_64 0.9.6 OK

Check Details

Version: 0.9.6
Check: whether package can be installed
Result: ERROR
    Installation failed.
Flavor: r-release-linux-x86_64