Last updated on 2023-01-30 20:55:59 CET.
Flavor | Version | Tinstall | Tcheck | Ttotal | Status | Flags |
---|---|---|---|---|---|---|
r-devel-linux-x86_64-debian-clang | 0.2.7 | 9.43 | 170.08 | 179.51 | NOTE | |
r-devel-linux-x86_64-debian-gcc | 0.2.7 | 8.43 | 121.41 | 129.84 | NOTE | |
r-devel-linux-x86_64-fedora-clang | 0.2.7 | 211.47 | NOTE | |||
r-devel-linux-x86_64-fedora-gcc | 0.2.7 | 221.88 | NOTE | |||
r-devel-windows-x86_64 | 0.2.7 | 46.00 | 212.00 | 258.00 | NOTE | |
r-patched-linux-x86_64 | 0.2.7 | 8.90 | 160.84 | 169.74 | OK | |
r-release-linux-x86_64 | 0.2.7 | 7.87 | 163.65 | 171.52 | OK | |
r-release-macos-arm64 | 0.2.7 | 61.00 | OK | |||
r-release-macos-x86_64 | 0.2.7 | 111.00 | OK | |||
r-release-windows-x86_64 | 0.2.7 | 39.00 | 216.00 | 255.00 | OK | |
r-oldrel-macos-arm64 | 0.2.7 | 75.00 | OK | |||
r-oldrel-macos-x86_64 | 0.2.7 | 78.00 | OK | |||
r-oldrel-windows-ix86+x86_64 | 0.2.7 | 30.00 | 314.00 | 344.00 | OK |
Version: 0.2.7
Check: package subdirectories
Result: NOTE
Problems with news in ‘NEWS.md’:
Cannot extract version info from the following section titles:
To do
Flavors: r-devel-linux-x86_64-debian-clang, r-devel-linux-x86_64-debian-gcc, r-devel-linux-x86_64-fedora-clang, r-devel-linux-x86_64-fedora-gcc, r-devel-windows-x86_64