Last updated on 2023-03-29 10:53:17 CEST.
Flavor | Version | Tinstall | Tcheck | Ttotal | Status | Flags |
---|---|---|---|---|---|---|
r-devel-linux-x86_64-debian-clang | 0.0.6 | 6.79 | 104.18 | 110.97 | NOTE | |
r-devel-linux-x86_64-debian-gcc | 0.0.6 | 6.04 | 80.89 | 86.93 | NOTE | |
r-devel-linux-x86_64-fedora-clang | 0.0.6 | 135.06 | NOTE | |||
r-devel-linux-x86_64-fedora-gcc | 0.0.6 | 153.14 | NOTE | |||
r-patched-linux-x86_64 | 0.0.6 | 7.22 | 102.88 | 110.10 | NOTE | |
r-release-linux-x86_64 | 0.0.6 | 4.97 | 99.21 | 104.18 | NOTE | |
r-release-macos-arm64 | 0.0.6 | 50.00 | NOTE | |||
r-release-macos-x86_64 | 0.0.6 | 59.00 | NOTE | |||
r-release-windows-x86_64 | 0.0.6 | 18.00 | 149.00 | 167.00 | NOTE | |
r-oldrel-macos-arm64 | 0.0.6 | 58.00 | NOTE | |||
r-oldrel-macos-x86_64 | 0.0.6 | 87.00 | NOTE | |||
r-oldrel-windows-ix86+x86_64 | 0.0.6 | 15.00 | 130.00 | 145.00 | NOTE |
Version: 0.0.6
Check: LazyData
Result: NOTE
'LazyData' is specified without a 'data' directory
Flavors: r-devel-linux-x86_64-debian-clang, r-devel-linux-x86_64-debian-gcc, r-devel-linux-x86_64-fedora-clang, r-devel-linux-x86_64-fedora-gcc, r-patched-linux-x86_64, r-release-linux-x86_64, r-release-macos-arm64, r-release-macos-x86_64, r-release-windows-x86_64, r-oldrel-macos-arm64, r-oldrel-macos-x86_64, r-oldrel-windows-ix86+x86_64