Last updated on 2022-08-14 19:50:30 CEST.
Flavor | Version | Tinstall | Tcheck | Ttotal | Status | Flags |
---|---|---|---|---|---|---|
r-devel-linux-x86_64-debian-clang | 2.21.4 | 737.74 | 156.35 | 894.09 | NOTE | |
r-devel-linux-x86_64-debian-gcc | 2.21.4 | 1040.84 | 116.28 | 1157.12 | NOTE | |
r-devel-linux-x86_64-fedora-clang | 2.21.4 | 1337.11 | NOTE | |||
r-devel-linux-x86_64-fedora-gcc | 2.21.4 | 1528.51 | NOTE | |||
r-devel-windows-x86_64 | 2.21.4 | 1123.00 | 247.00 | 1370.00 | NOTE | |
r-patched-linux-x86_64 | 2.21.4 | 847.33 | 145.89 | 993.22 | NOTE | |
r-release-linux-x86_64 | 2.21.4 | 834.38 | 149.24 | 983.62 | NOTE | |
r-release-macos-arm64 | 2.21.4 | 360.00 | NOTE | |||
r-release-macos-x86_64 | 2.21.4 | 474.00 | NOTE | |||
r-release-windows-x86_64 | 2.21.4 | 1394.00 | 250.00 | 1644.00 | NOTE | |
r-oldrel-macos-arm64 | 2.21.4 | 360.00 | NOTE | |||
r-oldrel-macos-x86_64 | 2.21.4 | 473.00 | NOTE | |||
r-oldrel-windows-ix86+x86_64 | 2.21.4 | 1914.00 | 288.00 | 2202.00 | WARN |
Version: 2.21.4
Check: for GNU extensions in Makefiles
Result: NOTE
GNU make is a SystemRequirements.
Flavors: r-devel-linux-x86_64-debian-clang, r-devel-linux-x86_64-debian-gcc, r-devel-linux-x86_64-fedora-clang, r-devel-linux-x86_64-fedora-gcc, r-devel-windows-x86_64, r-patched-linux-x86_64, r-release-linux-x86_64, r-release-macos-arm64, r-release-macos-x86_64, r-release-windows-x86_64, r-oldrel-macos-arm64, r-oldrel-macos-x86_64, r-oldrel-windows-ix86+x86_64
Version: 2.21.4
Check: installed package size
Result: NOTE
installed size is 169.9Mb
sub-directories of 1Mb or more:
lib 20.8Mb
libs 147.5Mb
Flavors: r-devel-linux-x86_64-fedora-clang, r-devel-windows-x86_64, r-release-macos-arm64, r-release-macos-x86_64, r-release-windows-x86_64, r-oldrel-macos-arm64, r-oldrel-macos-x86_64, r-oldrel-windows-ix86+x86_64
Version: 2.21.4
Check: Rd cross-references
Result: NOTE
Undeclared packages ‘rstan’, ‘rstanarm’ in Rd xrefs
Flavor: r-devel-linux-x86_64-fedora-clang
Version: 2.21.4
Check: whether package can be installed
Result: WARN
Found the following significant warnings:
arg.c:165:17: warning: too many arguments for format [-Wformat-extra-args]
Flavor: r-oldrel-windows-ix86+x86_64