Last updated on 2025-01-16 16:48:42 CET.
Flavor | Version | Tinstall | Tcheck | Ttotal | Status | Flags |
---|---|---|---|---|---|---|
r-devel-linux-x86_64-debian-clang | 1.2.2 | 61.21 | 38.05 | 99.26 | OK | |
r-devel-linux-x86_64-debian-gcc | 1.2.2 | 54.56 | 33.29 | 87.85 | OK | |
r-devel-linux-x86_64-fedora-clang | 1.2.2 | 163.43 | OK | |||
r-devel-linux-x86_64-fedora-gcc | 1.2.2 | 199.66 | OK | |||
r-devel-windows-x86_64 | 1.2.2 | 58.00 | 78.00 | 136.00 | OK | |
r-patched-linux-x86_64 | 1.2.2 | 71.18 | 42.99 | 114.17 | OK | |
r-release-linux-x86_64 | 1.2.2 | 68.42 | 42.94 | 111.36 | OK | |
r-release-macos-arm64 | 1.2.2 | 52.00 | NOTE | |||
r-release-macos-x86_64 | 1.2.2 | 133.00 | NOTE | |||
r-release-windows-x86_64 | 1.2.2 | 56.00 | 75.00 | 131.00 | OK | |
r-oldrel-macos-arm64 | 1.2.2 | 53.00 | NOTE | |||
r-oldrel-macos-x86_64 | 1.2.2 | 127.00 | NOTE | |||
r-oldrel-windows-x86_64 | 1.2.2 | 76.00 | 92.00 | 168.00 | OK |
Version: 1.2.2
Check: installed package size
Result: NOTE
installed size is 35.7Mb
sub-directories of 1Mb or more:
libs 35.1Mb
Flavors: r-release-macos-arm64, r-release-macos-x86_64, r-oldrel-macos-arm64, r-oldrel-macos-x86_64