CRAN Package Check Results for Package stablelearner

Last updated on 2022-08-11 15:50:27 CEST.

Flavor Version Tinstall Tcheck Ttotal Status Flags
r-devel-linux-x86_64-debian-clang 0.1-4 13.00 154.44 167.44 OK
r-devel-linux-x86_64-debian-gcc 0.1-4 8.44 114.90 123.34 OK
r-devel-linux-x86_64-fedora-clang 0.1-4 207.22 NOTE
r-devel-linux-x86_64-fedora-gcc 0.1-4 203.88 NOTE
r-devel-windows-x86_64 0.1-4 37.00 182.00 219.00 OK
r-patched-linux-x86_64 0.1-4 15.26 148.57 163.83 OK
r-release-linux-x86_64 0.1-4 OK
r-release-macos-arm64 0.1-4 53.00 NOTE
r-release-macos-x86_64 0.1-4 104.00 NOTE
r-release-windows-x86_64 0.1-4 39.00 182.00 221.00 OK
r-oldrel-macos-arm64 0.1-4 55.00 NOTE
r-oldrel-macos-x86_64 0.1-4 76.00 NOTE
r-oldrel-windows-ix86+x86_64 0.1-4 25.00 178.00 203.00 OK

Check Details

Version: 0.1-4
Check: data for non-ASCII characters
Result: NOTE
     Note: found 123 marked UTF-8 strings
Flavors: r-devel-linux-x86_64-fedora-clang, r-devel-linux-x86_64-fedora-gcc, r-release-macos-arm64, r-release-macos-x86_64, r-oldrel-macos-arm64, r-oldrel-macos-x86_64