CRAN Package Check Results for Package stabledist

Last updated on 2022-05-22 06:52:13 CEST.

Flavor Version Tinstall Tcheck Ttotal Status Flags
r-devel-linux-x86_64-debian-clang 0.7-1 2.61 105.19 107.80 NOTE
r-devel-linux-x86_64-debian-gcc 0.7-1 2.22 73.49 75.71 NOTE
r-devel-linux-x86_64-fedora-clang 0.7-1 132.83 NOTE
r-devel-linux-x86_64-fedora-gcc 0.7-1 133.48 NOTE
r-devel-windows-x86_64 0.7-1 26.00 128.00 154.00 NOTE
r-patched-linux-x86_64 0.7-1 3.43 99.53 102.96 NOTE
r-release-linux-x86_64 0.7-1 2.08 101.37 103.45 NOTE
r-release-macos-arm64 0.7-1 29.00 NOTE
r-release-macos-x86_64 0.7-1 48.00 NOTE
r-release-windows-x86_64 0.7-1 24.00 121.00 145.00 NOTE
r-oldrel-macos-arm64 0.7-1 33.00 NOTE
r-oldrel-macos-x86_64 0.7-1 65.00 NOTE
r-oldrel-windows-ix86+x86_64 0.7-1 12.00 123.00 135.00 NOTE

Check Details

Version: 0.7-1
Check: LazyData
Result: NOTE
     'LazyData' is specified without a 'data' directory
Flavors: r-devel-linux-x86_64-debian-clang, r-devel-linux-x86_64-debian-gcc, r-devel-linux-x86_64-fedora-clang, r-devel-linux-x86_64-fedora-gcc, r-devel-windows-x86_64, r-patched-linux-x86_64, r-release-linux-x86_64, r-release-macos-arm64, r-release-macos-x86_64, r-release-windows-x86_64, r-oldrel-macos-arm64, r-oldrel-macos-x86_64, r-oldrel-windows-ix86+x86_64