CRAN Package Check Results for Package stabledist

Last updated on 2024-06-19 21:50:16 CEST.

Flavor Version Tinstall Tcheck Ttotal Status Flags
r-devel-linux-x86_64-debian-clang 0.7-1 2.84 96.45 99.29 NOTE
r-devel-linux-x86_64-debian-gcc 0.7-1 2.01 63.80 65.81 NOTE
r-devel-linux-x86_64-fedora-clang 0.7-1 119.65 NOTE
r-devel-linux-x86_64-fedora-gcc 0.7-1 113.26 NOTE
r-devel-windows-x86_64 0.7-1 4.00 84.00 88.00 NOTE
r-patched-linux-x86_64 0.7-1 2.63 90.29 92.92 NOTE
r-release-linux-x86_64 0.7-1 2.59 93.26 95.85 NOTE
r-release-macos-arm64 0.7-1 22.00 NOTE
r-release-macos-x86_64 0.7-1 44.00 NOTE
r-release-windows-x86_64 0.7-1 4.00 86.00 90.00 NOTE
r-oldrel-macos-arm64 0.7-1 30.00 NOTE
r-oldrel-macos-x86_64 0.7-1 52.00 NOTE
r-oldrel-windows-x86_64 0.7-1 3.00 93.00 96.00 NOTE

Check Details

Version: 0.7-1
Check: LazyData
Result: NOTE 'LazyData' is specified without a 'data' directory Flavors: r-devel-linux-x86_64-debian-clang, r-devel-linux-x86_64-debian-gcc, r-devel-linux-x86_64-fedora-clang, r-devel-linux-x86_64-fedora-gcc, r-devel-windows-x86_64, r-patched-linux-x86_64, r-release-linux-x86_64, r-release-macos-arm64, r-release-macos-x86_64, r-release-windows-x86_64, r-oldrel-macos-arm64, r-oldrel-macos-x86_64, r-oldrel-windows-x86_64