CRAN Package Check Results for Package stUPscales

Last updated on 2020-01-19 21:48:58 CET.

Flavor Version Tinstall Tcheck Ttotal Status Flags
r-devel-linux-x86_64-debian-clang 1.0.3.4 17.53 172.92 190.45 NOTE
r-devel-linux-x86_64-debian-gcc 1.0.3.4 15.04 142.67 157.71 NOTE
r-devel-linux-x86_64-fedora-clang 1.0.3.4 225.52 NOTE
r-devel-linux-x86_64-fedora-gcc 1.0.3.4 218.45 NOTE
r-devel-windows-ix86+x86_64 1.0.3.4 60.00 228.00 288.00 OK
r-devel-windows-ix86+x86_64-gcc8 1.0.3.4 49.00 299.00 348.00 OK
r-patched-linux-x86_64 1.0.3.4 17.15 151.11 168.26 OK
r-patched-solaris-x86 1.0.3.4 326.90 OK
r-release-linux-x86_64 1.0.3.4 17.91 155.21 173.12 OK
r-release-windows-ix86+x86_64 1.0.3.4 56.00 205.00 261.00 OK
r-release-osx-x86_64 1.0.3.4 ERROR
r-oldrel-windows-ix86+x86_64 1.0.3.4 26.00 231.00 257.00 OK
r-oldrel-osx-x86_64 1.0.3.4 ERROR

Check Details

Version: 1.0.3.4
Check: for non-standard things in the check directory
Result: NOTE
    Found the following files/directories:
     'EmiStatR_output' 'ExamplePlot-event.pdf' 'ExamplePlot-season.pdf'
     'Output1_MC-uncertainty_360min-event.pdf'
     'Output1_MC-uncertainty_360min-season.pdf' 'gof.RData' 'gof.csv'
     'gofGoF_results.RData' 'gofGoF_results.csv' 'mc.RData' 'sim1.RData'
     'summ.RData' 'variance.RData'
Flavors: r-devel-linux-x86_64-debian-clang, r-devel-linux-x86_64-debian-gcc, r-devel-linux-x86_64-fedora-clang, r-devel-linux-x86_64-fedora-gcc

Version: 1.0.3.4
Check: package dependencies
Result: ERROR
    Package required but not available: ‘EmiStatR’
    
    See section ‘The DESCRIPTION file’ in the ‘Writing R Extensions’
    manual.
Flavor: r-release-osx-x86_64

Version: 1.0.3.4
Check: whether package can be installed
Result: ERROR
    Installation failed.
Flavor: r-oldrel-osx-x86_64