CRAN Package Check Results for Package sss

Last updated on 2021-06-25 02:52:12 CEST.

Flavor Version Tinstall Tcheck Ttotal Status Flags
r-devel-linux-x86_64-debian-clang 0.1-0 2.15 31.68 33.83 NOTE
r-devel-linux-x86_64-debian-gcc 0.1-0 1.79 24.92 26.71 NOTE
r-devel-linux-x86_64-fedora-clang 0.1-0 51.69 NOTE
r-devel-linux-x86_64-fedora-gcc 0.1-0 41.02 NOTE
r-devel-windows-x86_64 0.1-0 5.00 37.00 42.00 NOTE
r-devel-windows-x86_64-gcc10-UCRT 0.1-0 NOTE
r-patched-linux-x86_64 0.1-0 2.30 30.97 33.27 NOTE
r-patched-solaris-x86 0.1-0 63.50 NOTE
r-release-linux-x86_64 0.1-0 2.37 31.05 33.42 NOTE
r-release-macos-arm64 0.1-0 NOTE
r-release-macos-x86_64 0.1-0 NOTE
r-release-windows-ix86+x86_64 0.1-0 7.00 51.00 58.00 NOTE
r-oldrel-macos-x86_64 0.1-0 OK
r-oldrel-windows-ix86+x86_64 0.1-0 6.00 48.00 54.00 OK

Check Details

Version: 0.1-0
Check: LazyData
Result: NOTE
     'LazyData' is specified without a 'data' directory
Flavors: r-devel-linux-x86_64-debian-clang, r-devel-linux-x86_64-debian-gcc, r-devel-linux-x86_64-fedora-clang, r-devel-linux-x86_64-fedora-gcc, r-devel-windows-x86_64, r-devel-windows-x86_64-gcc10-UCRT, r-patched-linux-x86_64, r-patched-solaris-x86, r-release-linux-x86_64, r-release-macos-arm64, r-release-macos-x86_64, r-release-windows-ix86+x86_64

Version: 0.1-0
Check: Rd cross-references
Result: NOTE
    Undeclared package ‘XML’ in Rd xrefs
Flavor: r-devel-linux-x86_64-fedora-clang