CRAN Package Check Results for Package ssrm.logmer

Last updated on 2022-05-17 00:51:22 CEST.

Flavor Version Tinstall Tcheck Ttotal Status Flags
r-devel-linux-x86_64-debian-clang 0.1 2.32 31.85 34.17 NOTE
r-devel-linux-x86_64-debian-gcc 0.1 1.44 24.94 26.38 NOTE
r-devel-linux-x86_64-fedora-clang 0.1 42.50 NOTE
r-devel-linux-x86_64-fedora-gcc 0.1 40.52 NOTE
r-devel-windows-x86_64 0.1 12.00 55.00 67.00 NOTE
r-patched-linux-x86_64 0.1 1.50 30.98 32.48 NOTE
r-release-linux-x86_64 0.1 1.79 31.14 32.93 NOTE
r-release-macos-arm64 0.1 15.00 NOTE
r-release-macos-x86_64 0.1 23.00 NOTE
r-release-windows-x86_64 0.1 14.00 58.00 72.00 NOTE
r-oldrel-macos-arm64 0.1 18.00 NOTE
r-oldrel-macos-x86_64 0.1 25.00 NOTE
r-oldrel-windows-ix86+x86_64 0.1 6.00 46.00 52.00 NOTE

Check Details

Version: 0.1
Check: LazyData
Result: NOTE
     'LazyData' is specified without a 'data' directory
Flavors: r-devel-linux-x86_64-debian-clang, r-devel-linux-x86_64-debian-gcc, r-devel-linux-x86_64-fedora-clang, r-devel-linux-x86_64-fedora-gcc, r-devel-windows-x86_64, r-patched-linux-x86_64, r-release-linux-x86_64, r-release-macos-arm64, r-release-macos-x86_64, r-release-windows-x86_64, r-oldrel-macos-arm64, r-oldrel-macos-x86_64, r-oldrel-windows-ix86+x86_64