CRAN Package Check Results for Package ssr

Last updated on 2020-02-28 02:51:35 CET.

Flavor Version Tinstall Tcheck Ttotal Status Flags
r-devel-linux-x86_64-debian-clang 0.1.1 2.61 78.84 81.45 OK
r-devel-linux-x86_64-debian-gcc 0.1.1 2.40 58.63 61.03 OK
r-devel-linux-x86_64-fedora-clang 0.1.1 102.69 NOTE
r-devel-linux-x86_64-fedora-gcc 0.1.1 93.93 NOTE
r-devel-windows-ix86+x86_64 0.1.1 7.00 84.00 91.00 OK
r-devel-windows-ix86+x86_64-gcc8 0.1.1 8.00 90.00 98.00 OK
r-patched-linux-x86_64 0.1.1 2.31 69.80 72.11 OK
r-patched-solaris-x86 0.1.1 116.50 NOTE
r-release-linux-x86_64 0.1.1 2.35 70.30 72.65 OK
r-release-windows-ix86+x86_64 0.1.1 4.00 78.00 82.00 OK
r-release-osx-x86_64 0.1.1 NOTE
r-oldrel-osx-x86_64 0.1.1 ERROR

Check Details

Version: 0.1.1
Check: dependencies in R code
Result: NOTE
    Namespace in Imports field not imported from: ‘e1071’
     All declared Imports should be used.
Flavors: r-devel-linux-x86_64-fedora-clang, r-devel-linux-x86_64-fedora-gcc, r-patched-solaris-x86, r-release-osx-x86_64

Version: 0.1.1
Check: whether package can be installed
Result: ERROR
    Installation failed.
Flavor: r-oldrel-osx-x86_64