CRAN Package Check Results for Package ssh

Last updated on 2022-01-23 18:51:05 CET.

Flavor Version Tinstall Tcheck Ttotal Status Flags
r-devel-linux-x86_64-debian-clang 0.8.0 4.75 34.56 39.31 OK
r-devel-linux-x86_64-debian-gcc 0.8.0 3.42 30.25 33.67 OK
r-devel-linux-x86_64-fedora-clang 0.8.0 49.43 OK
r-devel-linux-x86_64-fedora-gcc 0.8.0 38.77 OK
r-devel-windows-x86_64-new-UL 0.8.0 52.00 92.00 144.00 OK
r-devel-windows-x86_64-new-TK 0.8.0 OK
r-patched-linux-x86_64 0.8.0 4.42 33.55 37.97 OK
r-release-linux-x86_64 0.8.0 4.15 33.33 37.48 OK
r-release-macos-arm64 0.8.0 OK
r-release-macos-x86_64 0.8.0 OK
r-release-windows-ix86+x86_64 0.8.0 34.00 76.00 110.00 NOTE
r-oldrel-macos-x86_64 0.8.0 OK
r-oldrel-windows-ix86+x86_64 0.8.0 36.00 74.00 110.00 NOTE

Check Details

Version: 0.8.0
Check: installed package size
Result: NOTE
     installed size is 6.8Mb
     sub-directories of 1Mb or more:
     doc 1.0Mb
     libs 5.6Mb
Flavors: r-release-windows-ix86+x86_64, r-oldrel-windows-ix86+x86_64