CRAN Package Check Results for Package sscor

Last updated on 2022-05-17 02:53:22 CEST.

Flavor Version Tinstall Tcheck Ttotal Status Flags
r-devel-linux-x86_64-debian-clang 0.2 1.91 37.25 39.16 NOTE
r-devel-linux-x86_64-debian-gcc 0.2 1.67 28.72 30.39 NOTE
r-devel-linux-x86_64-fedora-clang 0.2 49.05 NOTE
r-devel-linux-x86_64-fedora-gcc 0.2 47.30 NOTE
r-devel-windows-x86_64 0.2 11.00 54.00 65.00 NOTE
r-patched-linux-x86_64 0.2 4.39 36.08 40.47 NOTE
r-release-linux-x86_64 0.2 2.72 35.46 38.18 NOTE
r-release-macos-arm64 0.2 19.00 NOTE
r-release-macos-x86_64 0.2 24.00 NOTE
r-release-windows-x86_64 0.2 12.00 55.00 67.00 NOTE
r-oldrel-macos-arm64 0.2 24.00 NOTE
r-oldrel-macos-x86_64 0.2 29.00 NOTE
r-oldrel-windows-ix86+x86_64 0.2 6.00 47.00 53.00 NOTE

Check Details

Version: 0.2
Check: LazyData
Result: NOTE
     'LazyData' is specified without a 'data' directory
Flavors: r-devel-linux-x86_64-debian-clang, r-devel-linux-x86_64-debian-gcc, r-devel-linux-x86_64-fedora-clang, r-devel-linux-x86_64-fedora-gcc, r-devel-windows-x86_64, r-patched-linux-x86_64, r-release-linux-x86_64, r-release-macos-arm64, r-release-macos-x86_64, r-release-windows-x86_64, r-oldrel-macos-arm64, r-oldrel-macos-x86_64, r-oldrel-windows-ix86+x86_64