CRAN Package Check Results for Package sqp

Last updated on 2021-12-04 22:59:49 CET.

Flavor Version Tinstall Tcheck Ttotal Status Flags
r-devel-linux-x86_64-debian-clang 0.5 177.05 36.77 213.82 NOTE
r-devel-linux-x86_64-debian-gcc 0.5 154.30 40.79 195.09 NOTE
r-devel-linux-x86_64-fedora-clang 0.5 334.63 NOTE
r-devel-linux-x86_64-fedora-gcc 0.5 341.73 NOTE
r-devel-windows-x86_64-new-UL 0.5 228.00 105.00 333.00 NOTE
r-devel-windows-x86_64-new-TK 0.5 NOTE
r-devel-windows-x86_64-old 0.5 249.00 80.00 329.00 NOTE
r-patched-linux-x86_64 0.5 186.27 40.31 226.58 NOTE
r-release-linux-x86_64 0.5 180.50 40.86 221.36 NOTE
r-release-macos-arm64 0.5 WARN
r-release-macos-x86_64 0.5 WARN
r-release-windows-ix86+x86_64 0.5 483.00 92.00 575.00 NOTE
r-oldrel-macos-x86_64 0.5 WARN
r-oldrel-windows-ix86+x86_64 0.5 482.00 97.00 579.00 NOTE

Check Details

Version: 0.5
Check: for GNU extensions in Makefiles
Result: NOTE
    GNU make is a SystemRequirements.
Flavors: r-devel-linux-x86_64-debian-clang, r-devel-linux-x86_64-debian-gcc, r-devel-linux-x86_64-fedora-clang, r-devel-linux-x86_64-fedora-gcc, r-devel-windows-x86_64-new-UL, r-devel-windows-x86_64-new-TK, r-devel-windows-x86_64-old, r-patched-linux-x86_64, r-release-linux-x86_64, r-release-macos-arm64, r-release-macos-x86_64, r-release-windows-ix86+x86_64, r-oldrel-macos-x86_64, r-oldrel-windows-ix86+x86_64

Version: 0.5
Check: installed package size
Result: NOTE
     installed size is 23.1Mb
     sub-directories of 1Mb or more:
     libs 22.9Mb
Flavors: r-devel-linux-x86_64-fedora-clang, r-release-macos-arm64, r-release-macos-x86_64, r-oldrel-macos-x86_64

Version: 0.5
Check: compiled code
Result: WARN
    File ‘sqp/libs/sqp.so’:
     Found ‘___assert_rtn’, possibly from ‘assert’ (C)
     Object: ‘solver_dense.o’
    
    Compiled code should not call entry points which might terminate R nor
    write to stdout/stderr instead of to the console, nor use Fortran I/O
    nor system RNGs.
    
    See ‘Writing portable packages’ in the ‘Writing R Extensions’ manual.
Flavors: r-release-macos-arm64, r-release-macos-x86_64, r-oldrel-macos-x86_64