CRAN Package Check Results for Package sqlHelpers

Last updated on 2024-06-13 09:55:21 CEST.

Flavor Version Tinstall Tcheck Ttotal Status Flags
r-devel-linux-x86_64-debian-clang 0.1.2 2.56 30.85 33.41 OK
r-devel-linux-x86_64-debian-gcc 0.1.2 0.30 1.59 1.89 ERROR
r-devel-linux-x86_64-fedora-clang 0.1.2 43.58 OK
r-devel-linux-x86_64-fedora-gcc 0.1.2 42.57 OK
r-devel-windows-x86_64 0.1.2 4.00 47.00 51.00 OK
r-patched-linux-x86_64 0.1.2 3.49 29.58 33.07 OK
r-release-linux-x86_64 0.1.2 3.26 30.26 33.52 OK
r-release-macos-arm64 0.1.2 17.00 OK
r-release-macos-x86_64 0.1.2 25.00 OK
r-release-windows-x86_64 0.1.2 4.00 49.00 53.00 OK
r-oldrel-macos-arm64 0.1.2 19.00 OK
r-oldrel-macos-x86_64 0.1.2 38.00 OK
r-oldrel-windows-x86_64 0.1.2 5.00 49.00 54.00 OK

Check Details

Version: 0.1.2
Check: package dependencies
Result: ERROR Package required but not available: ‘odbc’ See section ‘The DESCRIPTION file’ in the ‘Writing R Extensions’ manual. Flavor: r-devel-linux-x86_64-debian-gcc