CRAN Package Check Results for Package sptotal

Last updated on 2022-08-13 03:52:24 CEST.

Flavor Version Tinstall Tcheck Ttotal Status Flags
r-devel-linux-x86_64-debian-clang 1.0.0 7.65 121.59 129.24 OK
r-devel-linux-x86_64-debian-gcc 1.0.0 5.60 90.29 95.89 OK
r-devel-linux-x86_64-fedora-clang 1.0.0 162.91 NOTE
r-devel-linux-x86_64-fedora-gcc 1.0.0 159.51 NOTE
r-devel-windows-x86_64 1.0.0 28.00 189.00 217.00 OK
r-patched-linux-x86_64 1.0.0 7.00 113.26 120.26 OK
r-release-linux-x86_64 1.0.0 5.35 112.91 118.26 OK
r-release-macos-arm64 1.0.0 61.00 NOTE
r-release-macos-x86_64 1.0.0 95.00 NOTE
r-release-windows-x86_64 1.0.0 28.00 162.00 190.00 OK
r-oldrel-macos-arm64 1.0.0 84.00 NOTE
r-oldrel-macos-x86_64 1.0.0 72.00 NOTE
r-oldrel-windows-ix86+x86_64 1.0.0 18.00 156.00 174.00 OK

Check Details

Version: 1.0.0
Check: dependencies in R code
Result: NOTE
    Namespace in Imports field not imported from: ‘sp’
     All declared Imports should be used.
Flavors: r-devel-linux-x86_64-fedora-clang, r-devel-linux-x86_64-fedora-gcc, r-release-macos-arm64, r-release-macos-x86_64, r-oldrel-macos-arm64, r-oldrel-macos-x86_64