CRAN Package Check Results for Package sppmix

Last updated on 2019-09-21 17:47:02 CEST.

Flavor Version Tinstall Tcheck Ttotal Status Flags
r-devel-linux-x86_64-debian-clang 1.0.2 149.58 118.75 268.33 NOTE
r-devel-linux-x86_64-debian-gcc 1.0.2 132.47 92.04 224.51 NOTE
r-devel-linux-x86_64-fedora-clang 1.0.2 381.98 NOTE
r-devel-linux-x86_64-fedora-gcc 1.0.2 379.44 NOTE
r-devel-windows-ix86+x86_64 1.0.2 357.00 271.00 628.00 NOTE
r-patched-linux-x86_64 1.0.2 137.12 114.66 251.78 NOTE
r-patched-solaris-x86 1.0.2 403.20 NOTE
r-release-linux-x86_64 1.0.2 137.00 114.16 251.16 NOTE
r-release-windows-ix86+x86_64 1.0.2 255.00 195.00 450.00 NOTE
r-release-osx-x86_64 1.0.2 WARN
r-oldrel-windows-ix86+x86_64 1.0.2 238.00 166.00 404.00 NOTE
r-oldrel-osx-x86_64 1.0.2 NOTE

Check Details

Version: 1.0.2
Check: line endings in C/C++/Fortran sources/headers
Result: NOTE
    Found the following sources/headers with CR or CRLF line endings:
     inst/include/sppmix.h
    Some Unix compilers require LF line endings.
Flavors: r-devel-linux-x86_64-debian-clang, r-devel-linux-x86_64-debian-gcc, r-devel-linux-x86_64-fedora-clang, r-devel-linux-x86_64-fedora-gcc, r-devel-windows-ix86+x86_64, r-patched-linux-x86_64, r-patched-solaris-x86, r-release-linux-x86_64, r-release-windows-ix86+x86_64, r-release-osx-x86_64

Version: 1.0.2
Check: installed package size
Result: NOTE
     installed size is 15.3Mb
     sub-directories of 1Mb or more:
     data 5.4Mb
     libs 9.1Mb
Flavors: r-devel-linux-x86_64-fedora-clang, r-devel-windows-ix86+x86_64, r-patched-solaris-x86, r-release-windows-ix86+x86_64, r-release-osx-x86_64, r-oldrel-windows-ix86+x86_64, r-oldrel-osx-x86_64

Version: 1.0.2
Check: data for non-ASCII characters
Result: NOTE
     Note: found 17 marked UTF-8 strings
Flavors: r-devel-linux-x86_64-fedora-clang, r-devel-linux-x86_64-fedora-gcc, r-patched-solaris-x86, r-release-osx-x86_64, r-oldrel-osx-x86_64

Version: 1.0.2
Check: whether package can be installed
Result: WARN
    Found the following significant warnings:
     Warning: 'rgl_init' failed, running with rgl.useNULL = TRUE
Flavor: r-release-osx-x86_64