CRAN Package Check Results for Package spmoran

Last updated on 2021-09-17 18:49:52 CEST.

Flavor Version Tinstall Tcheck Ttotal Status Flags
r-devel-linux-x86_64-debian-clang 0.2.2 34.97 255.06 290.03 OK
r-devel-linux-x86_64-debian-gcc 0.2.2 25.96 189.78 215.74 OK
r-devel-linux-x86_64-fedora-clang 0.2.2 321.14 OK
r-devel-linux-x86_64-fedora-gcc 0.2.2 190.35 OK
r-devel-windows-x86_64 0.2.2 38.00 269.00 307.00 OK
r-devel-windows-x86_64-gcc10-UCRT 0.2.2 OK
r-patched-linux-x86_64 0.2.2 32.72 240.12 272.84 OK
r-patched-solaris-x86 0.2.2 420.70 OK
r-release-linux-x86_64 0.2.2 33.95 241.46 275.41 OK
r-release-macos-arm64 0.2.1 NOTE
r-release-macos-x86_64 0.2.2 OK
r-release-windows-ix86+x86_64 0.2.2 57.00 230.00 287.00 OK
r-oldrel-macos-x86_64 0.2.2 OK
r-oldrel-windows-ix86+x86_64 0.2.2 67.00 270.00 337.00 OK

Check Details

Version: 0.2.1
Check: LazyData
Result: NOTE
     'LazyData' is specified without a 'data' directory
Flavor: r-release-macos-arm64