Last updated on 2022-08-12 20:49:14 CEST.
Flavor | Version | Tinstall | Tcheck | Ttotal | Status | Flags |
---|---|---|---|---|---|---|
r-devel-linux-x86_64-debian-clang | 1.1.2 | 5.51 | 52.02 | 57.53 | OK | |
r-devel-linux-x86_64-debian-gcc | 1.1.2 | 0.33 | 2.26 | 2.59 | ERROR | |
r-devel-linux-x86_64-fedora-clang | 1.1.2 | 86.19 | NOTE | |||
r-devel-linux-x86_64-fedora-gcc | 1.1.2 | 83.28 | NOTE | |||
r-devel-windows-x86_64 | 1.1.2 | 16.00 | 77.00 | 93.00 | OK | |
r-patched-linux-x86_64 | 1.1.2 | 6.84 | 48.18 | 55.02 | OK | |
r-release-linux-x86_64 | 1.1.2 | 6.00 | 48.39 | 54.39 | OK | |
r-release-macos-arm64 | 1.1.2 | 24.00 | NOTE | |||
r-release-macos-x86_64 | 1.1.2 | 37.00 | NOTE | |||
r-release-windows-x86_64 | 1.1.2 | 29.00 | 73.00 | 102.00 | OK | |
r-oldrel-macos-arm64 | 1.1.2 | 20.00 | NOTE | |||
r-oldrel-macos-x86_64 | 1.1.2 | 30.00 | NOTE | |||
r-oldrel-windows-ix86+x86_64 | 1.1.2 | 16.00 | 72.00 | 88.00 | OK |
Version: 1.1.2
Check: package dependencies
Result: ERROR
Packages required but not available: 'spm', 'gbm'
See section ‘The DESCRIPTION file’ in the ‘Writing R Extensions’
manual.
Flavor: r-devel-linux-x86_64-debian-gcc
Version: 1.1.2
Check: dependencies in R code
Result: NOTE
Namespaces in Imports field not imported from:
‘MASS’ ‘psy’ ‘ranger’
All declared Imports should be used.
Flavors: r-devel-linux-x86_64-fedora-clang, r-devel-linux-x86_64-fedora-gcc, r-release-macos-arm64, r-release-macos-x86_64, r-oldrel-macos-arm64, r-oldrel-macos-x86_64